{"id":9086,"date":"2024-11-20T13:16:36","date_gmt":"2024-11-20T12:16:36","guid":{"rendered":"http:\/\/www.amis-des-arts.fr\/?page_id=9086"},"modified":"2025-03-09T18:26:03","modified_gmt":"2025-03-09T17:26:03","slug":"salon-2025","status":"publish","type":"page","link":"http:\/\/www.amis-des-arts.fr\/?page_id=9086","title":{"rendered":"Exposants 2025"},"content":{"rendered":"\n<p><\/p>\n\n\n\n<p>Le r\u00e8glement peut \u00eatre t\u00e9l\u00e9charg\u00e9 <a href=\"http:\/\/www.amis-des-arts.fr\/wp-content\/uploads\/2024\/12\/Reglement-du-salon-2025.pdf\">ici<\/a>.<\/p>\n","protected":false},"excerpt":{"rendered":"<p>Le r\u00e8glement peut \u00eatre t\u00e9l\u00e9charg\u00e9 ici.<\/p>\n","protected":false},"author":1,"featured_media":0,"parent":0,"menu_order":0,"comment_status":"closed","ping_status":"closed","template":"","meta":{"ngg_post_thumbnail":0,"footnotes":""},"class_list":["post-9086","page","type-page","status-publish","hentry"],"_links":{"self":[{"href":"http:\/\/www.amis-des-arts.fr\/index.php?rest_route=\/wp\/v2\/pages\/9086","targetHints":{"allow":["GET"]}}],"collection":[{"href":"http:\/\/www.amis-des-arts.fr\/index.php?rest_route=\/wp\/v2\/pages"}],"about":[{"href":"http:\/\/www.amis-des-arts.fr\/index.php?rest_route=\/wp\/v2\/types\/page"}],"author":[{"embeddable":true,"href":"http:\/\/www.amis-des-arts.fr\/index.php?rest_route=\/wp\/v2\/users\/1"}],"replies":[{"embeddable":true,"href":"http:\/\/www.amis-des-arts.fr\/index.php?rest_route=%2Fwp%2Fv2%2Fcomments&post=9086"}],"version-history":[{"count":5,"href":"http:\/\/www.amis-des-arts.fr\/index.php?rest_route=\/wp\/v2\/pages\/9086\/revisions"}],"predecessor-version":[{"id":9226,"href":"http:\/\/www.amis-des-arts.fr\/index.php?rest_route=\/wp\/v2\/pages\/9086\/revisions\/9226"}],"wp:attachment":[{"href":"http:\/\/www.amis-des-arts.fr\/index.php?rest_route=%2Fwp%2Fv2%2Fmedia&parent=9086"}],"curies":[{"name":"wp","href":"https:\/\/api.w.org\/{rel}","templated":true}]}}

<p></p>



<p>Le règlement peut être téléchargé <a href="http://www.amis-des-arts.fr/wp-content/uploads/2024/12/Reglement-du-salon-2025.pdf">ici</a>.</p>

<p>Le règlement peut être téléchargé ici.</p>
