{"id":8846,"date":"2024-05-05T14:57:58","date_gmt":"2024-05-05T13:57:58","guid":{"rendered":"http:\/\/www.amis-des-arts.fr\/?page_id=8846"},"modified":"2024-05-05T14:59:45","modified_gmt":"2024-05-05T13:59:45","slug":"marche-2024","status":"publish","type":"page","link":"http:\/\/www.amis-des-arts.fr\/?page_id=8846","title":{"rendered":"March\u00e9 2024"},"content":{"rendered":"\n<p>Vous pouvez t\u00e9l\u00e9charger le r\u00e8glement en utilisant <a href=\"http:\/\/www.amis-des-arts.fr\/wp-content\/uploads\/2024\/05\/Marche-de-peintres-et-de-sculpteurs-de-Voiron-2024.pdf\">ce lien<\/a>.<\/p>\n\n\n\n<figure class=\"wp-block-image size-full\"><a href=\"http:\/\/www.amis-des-arts.fr\/wp-content\/uploads\/2024\/05\/flyer.jpg\"><img loading=\"lazy\" decoding=\"async\" width=\"566\" height=\"818\" src=\"http:\/\/www.amis-des-arts.fr\/wp-content\/uploads\/2024\/05\/flyer.jpg\" alt=\"\" class=\"wp-image-8847\" srcset=\"http:\/\/www.amis-des-arts.fr\/wp-content\/uploads\/2024\/05\/flyer.jpg 566w, http:\/\/www.amis-des-arts.fr\/wp-content\/uploads\/2024\/05\/flyer-208x300.jpg 208w\" sizes=\"auto, (max-width: 566px) 100vw, 566px\" \/><\/a><\/figure>\n","protected":false},"excerpt":{"rendered":"<p>Vous pouvez t\u00e9l\u00e9charger le r\u00e8glement en utilisant ce lien.<\/p>\n","protected":false},"author":1,"featured_media":0,"parent":0,"menu_order":0,"comment_status":"closed","ping_status":"closed","template":"","meta":{"ngg_post_thumbnail":0,"footnotes":""},"class_list":["post-8846","page","type-page","status-publish","hentry"],"_links":{"self":[{"href":"http:\/\/www.amis-des-arts.fr\/index.php?rest_route=\/wp\/v2\/pages\/8846","targetHints":{"allow":["GET"]}}],"collection":[{"href":"http:\/\/www.amis-des-arts.fr\/index.php?rest_route=\/wp\/v2\/pages"}],"about":[{"href":"http:\/\/www.amis-des-arts.fr\/index.php?rest_route=\/wp\/v2\/types\/page"}],"author":[{"embeddable":true,"href":"http:\/\/www.amis-des-arts.fr\/index.php?rest_route=\/wp\/v2\/users\/1"}],"replies":[{"embeddable":true,"href":"http:\/\/www.amis-des-arts.fr\/index.php?rest_route=%2Fwp%2Fv2%2Fcomments&post=8846"}],"version-history":[{"count":2,"href":"http:\/\/www.amis-des-arts.fr\/index.php?rest_route=\/wp\/v2\/pages\/8846\/revisions"}],"predecessor-version":[{"id":8851,"href":"http:\/\/www.amis-des-arts.fr\/index.php?rest_route=\/wp\/v2\/pages\/8846\/revisions\/8851"}],"wp:attachment":[{"href":"http:\/\/www.amis-des-arts.fr\/index.php?rest_route=%2Fwp%2Fv2%2Fmedia&parent=8846"}],"curies":[{"name":"wp","href":"https:\/\/api.w.org\/{rel}","templated":true}]}}

Marché 2024

<p>Vous pouvez télécharger le règlement en utilisant <a href="http://www.amis-des-arts.fr/wp-content/uploads/2024/05/Marche-de-peintres-et-de-sculpteurs-de-Voiron-2024.pdf">ce lien</a>.</p>



<figure class="wp-block-image size-full"><a href="http://www.amis-des-arts.fr/wp-content/uploads/2024/05/flyer.jpg"><img loading="lazy" decoding="async" width="566" height="818" src="http://www.amis-des-arts.fr/wp-content/uploads/2024/05/flyer.jpg" alt="" class="wp-image-8847" srcset="http://www.amis-des-arts.fr/wp-content/uploads/2024/05/flyer.jpg 566w, http://www.amis-des-arts.fr/wp-content/uploads/2024/05/flyer-208x300.jpg 208w" sizes="auto, (max-width: 566px) 100vw, 566px" /></a></figure>

<p>Vous pouvez télécharger le règlement en utilisant ce lien.</p>
