{"id":8681,"date":"2024-03-18T20:36:34","date_gmt":"2024-03-18T19:36:34","guid":{"rendered":"http:\/\/www.amis-des-arts.fr\/?page_id=8681"},"modified":"2024-03-18T20:42:54","modified_gmt":"2024-03-18T19:42:54","slug":"invite-dhonneur-2024","status":"publish","type":"page","link":"http:\/\/www.amis-des-arts.fr\/?page_id=8681","title":{"rendered":"Invit\u00e9 d&rsquo;honneur 2024"},"content":{"rendered":"\n<p>L\u2019invit\u00e9 d\u2019honneur est cette ann\u00e9e le peintre <strong>Louis GAGEZ<\/strong>.<br><\/p>\n\n\n\n<p>Natif de Colombes, il se forme aux Beaux-Arts de Rouen aupr\u00e8s du peintre et sculpteur Philippe GAREL. Il collabore pendant pr\u00e8s de vingt ans avec la galerie DUCHOZE \u00e0 Rouen puis avec la galerie Licence IV de Lyon. En 2016, il re\u00e7oit le prix de peinture de l\u2019Acad\u00e9mie des Beaux-Arts de Paris. Ses paysages laissent parler la mati\u00e8re pour sugg\u00e9rer plut\u00f4t que figurer. Sans titre, ces images peintes sont \u00ab libres d\u2019interpr\u00e9tations \u00bb.<br>Sp\u00e9cialis\u00e9 dans la peinture \u00e0 l\u2019huile, il enseigne \u00e9galement les autres techniques picturales dans son atelier et avec diff\u00e9rentes associations artistiques en Is\u00e8re. <\/p>\n\n\n\n<p><\/p>\n\n\n\n<p>Le samedi 30 Mars, Louis GAGEZ organise un stage de peinture acrylique \u00ab Autour du paysage \u00bb, de 9h \u00e0 12h \u00e0 la salle des f\u00eates de Voiron. Inscription: 06 28 23 05 28 \/ louis.gagez@gmail.com<br><\/p>\n\n\n\n<p><strong>Ikebana et La\u00efta<\/strong> pr\u00e9senteront leur activit\u00e9 artistique dans le hall de l\u2019exposition<\/p>\n\n\n\n<p>Ikebana<strong> <\/strong>&#8211; Art floral japonais de tradition s\u00e9culaire ou \u201cl\u2019art de faire vivre les fleurs\u201d. A L&rsquo;occasion du salon des Amis des Arts, l\u2019association Ikebana Ohara Dauphin\u00e9-Savoie vous invite \u00e0 d\u00e9couvrir quelques-unes des facettes de cet art d\u2019une richesse infinie.<br><\/p>\n\n\n\n<p>La\u00efta<strong> <\/strong>&#8211; Peintre-graveur, La\u00efta \u00e0 approfondi sa pratique de l\u2019estampe dans diff\u00e9rents ateliers. A partir de croquis saisis sur le vif, elle tente de retranscrire la beaut\u00e9 de la nature, le spectacle d\u2019une brume \u00e9vanescente, d\u2019une lumi\u00e8re changeante.<br><\/p>\n\n\n\n<p><\/p>\n","protected":false},"excerpt":{"rendered":"<p>L\u2019invit\u00e9 d\u2019honneur est cette ann\u00e9e le peintre Louis GAGEZ. Natif de Colombes, il se forme aux Beaux-Arts de Rouen aupr\u00e8s du peintre et sculpteur Philippe GAREL. Il collabore pendant pr\u00e8s de vingt ans avec la galerie DUCHOZE \u00e0 Rouen puis avec la galerie Licence IV de Lyon. En 2016, il re\u00e7oit le prix de peinture &hellip; <a href=\"http:\/\/www.amis-des-arts.fr\/?page_id=8681\" class=\"more-link\">Continuer la lecture de <span class=\"screen-reader-text\">Invit\u00e9 d&rsquo;honneur 2024<\/span>  <span class=\"meta-nav\">&rarr;<\/span><\/a><\/p>\n","protected":false},"author":1,"featured_media":0,"parent":0,"menu_order":0,"comment_status":"closed","ping_status":"closed","template":"","meta":{"ngg_post_thumbnail":0,"footnotes":""},"class_list":["post-8681","page","type-page","status-publish","hentry"],"_links":{"self":[{"href":"http:\/\/www.amis-des-arts.fr\/index.php?rest_route=\/wp\/v2\/pages\/8681","targetHints":{"allow":["GET"]}}],"collection":[{"href":"http:\/\/www.amis-des-arts.fr\/index.php?rest_route=\/wp\/v2\/pages"}],"about":[{"href":"http:\/\/www.amis-des-arts.fr\/index.php?rest_route=\/wp\/v2\/types\/page"}],"author":[{"embeddable":true,"href":"http:\/\/www.amis-des-arts.fr\/index.php?rest_route=\/wp\/v2\/users\/1"}],"replies":[{"embeddable":true,"href":"http:\/\/www.amis-des-arts.fr\/index.php?rest_route=%2Fwp%2Fv2%2Fcomments&post=8681"}],"version-history":[{"count":2,"href":"http:\/\/www.amis-des-arts.fr\/index.php?rest_route=\/wp\/v2\/pages\/8681\/revisions"}],"predecessor-version":[{"id":8685,"href":"http:\/\/www.amis-des-arts.fr\/index.php?rest_route=\/wp\/v2\/pages\/8681\/revisions\/8685"}],"wp:attachment":[{"href":"http:\/\/www.amis-des-arts.fr\/index.php?rest_route=%2Fwp%2Fv2%2Fmedia&parent=8681"}],"curies":[{"name":"wp","href":"https:\/\/api.w.org\/{rel}","templated":true}]}}

Invité d&rsquo;honneur 2024

<p>L’invité d’honneur est cette année le peintre <strong>Louis GAGEZ</strong>.<br></p>



<p>Natif de Colombes, il se forme aux Beaux-Arts de Rouen auprès du peintre et sculpteur Philippe GAREL. Il collabore pendant près de vingt ans avec la galerie DUCHOZE à Rouen puis avec la galerie Licence IV de Lyon. En 2016, il reçoit le prix de peinture de l’Académie des Beaux-Arts de Paris. Ses paysages laissent parler la matière pour suggérer plutôt que figurer. Sans titre, ces images peintes sont « libres d’interprétations ».<br>Spécialisé dans la peinture à l’huile, il enseigne également les autres techniques picturales dans son atelier et avec différentes associations artistiques en Isère. </p>



<p></p>



<p>Le samedi 30 Mars, Louis GAGEZ organise un stage de peinture acrylique « Autour du paysage », de 9h à 12h à la salle des fêtes de Voiron. Inscription: 06 28 23 05 28 / louis.gagez@gmail.com<br></p>



<p><strong>Ikebana et Laïta</strong> présenteront leur activité artistique dans le hall de l’exposition</p>



<p>Ikebana<strong> </strong>&#8211; Art floral japonais de tradition séculaire ou “l’art de faire vivre les fleurs”. A L&rsquo;occasion du salon des Amis des Arts, l’association Ikebana Ohara Dauphiné-Savoie vous invite à découvrir quelques-unes des facettes de cet art d’une richesse infinie.<br></p>



<p>Laïta<strong> </strong>&#8211; Peintre-graveur, Laïta à approfondi sa pratique de l’estampe dans différents ateliers. A partir de croquis saisis sur le vif, elle tente de retranscrire la beauté de la nature, le spectacle d’une brume évanescente, d’une lumière changeante.<br></p>



<p></p>

<p>L’invité d’honneur est cette année le peintre Louis GAGEZ. Natif de Colombes, il se forme aux Beaux-Arts de Rouen auprès du peintre et sculpteur Philippe GAREL. Il collabore pendant près de vingt ans avec la galerie DUCHOZE à Rouen puis avec la galerie Licence IV de Lyon. En 2016, il reçoit le prix de peinture &hellip; <a href="http://www.amis-des-arts.fr/?page_id=8681" class="more-link">Continuer la lecture de <span class="screen-reader-text">Invité d&rsquo;honneur 2024</span>  <span class="meta-nav">&rarr;</span></a></p>
