{"id":763,"date":"2014-03-01T17:16:50","date_gmt":"2014-03-01T16:16:50","guid":{"rendered":"http:\/\/www.amis-des-arts.fr\/?page_id=763"},"modified":"2015-07-08T10:16:18","modified_gmt":"2015-07-08T09:16:18","slug":"invite-dhonneur-2014","status":"publish","type":"page","link":"http:\/\/www.amis-des-arts.fr\/?page_id=763","title":{"rendered":"Invit\u00e9 d&rsquo;honneur 2014"},"content":{"rendered":"<p style=\"text-align: center;\"><span style=\"font-size: 22px;\">Invit\u00e9 d&rsquo;honneur 2014<\/span><\/p>\n<p style=\"text-align: center;\"><span style=\"font-size: 22px;\">Robert JAYET<\/span><\/p>\n<p style=\"text-align: center;\"><a href=\"http:\/\/www.amis-des-arts.fr\/wp-content\/uploads\/2014\/02\/photo-RJ-affiche.jpg\"><img loading=\"lazy\" decoding=\"async\" class=\"aligncenter wp-image-548 size-medium\" src=\"http:\/\/www.amis-des-arts.fr\/wp-content\/uploads\/2014\/02\/photo-RJ-affiche-202x300.jpg\" alt=\"photo RJ affiche\" width=\"202\" height=\"300\" srcset=\"http:\/\/www.amis-des-arts.fr\/wp-content\/uploads\/2014\/02\/photo-RJ-affiche-202x300.jpg 202w, http:\/\/www.amis-des-arts.fr\/wp-content\/uploads\/2014\/02\/photo-RJ-affiche.jpg 404w\" sizes=\"auto, (max-width: 202px) 100vw, 202px\" \/><\/a><\/p>\n<p style=\"text-align: left;\">Robert Jayet, sculpteur dauphinois a appris tr\u00e8s t\u00f4t, dans son parcours professionnel, la ma\u00eetrise du travail du fer et il a trouv\u00e9 l\u00e0, son moyen d\u2019expression. Car, nourri de sa passion pour les arts \u00e9gyptiens, \u00e9trusques et africains, son monde int\u00e9rieur est d\u2019une richesse inou\u00efe, \u00ab qui ne le laisse jamais \u00e0 court d\u2019id\u00e9e \u00bb. A 15 ans d\u00e9j\u00e0, il \u00a0cr\u00e9ait son premier Don Quichotte !<\/p>\n<p style=\"text-align: left;\">Tel un couturier, Robert dessine, d\u00e9coupe la t\u00f4le, la mart\u00e8le, la soude, la polit, la patine\u2026il allie diff\u00e9rents m\u00e9taux, le chalumeau est son outil de pr\u00e9dilection. Souvent il cis\u00e8le les visages de ses personnages dans des pierres semi-pr\u00e9cieuses ou les coule en bronze. Les silhouettes filiformes et \u00e9lanc\u00e9es ainsi cr\u00e9\u00e9es, interpellent par leur dimension tout en hauteur, \u00e0 la fois fi\u00e8res, dominatrices et en m\u00eame temps fr\u00eales, l\u00e9g\u00e8res et mouvantes car bougeant au moindre souffle. Certaines, telles des gardiennes de cet univers insolite, semblent arm\u00e9es et pr\u00eates \u00e0 affronter tout danger \u00e9ventuel alors que d\u2019autres souriantes, parfois en groupe et par\u00e9es de couleurs pr\u00e9cieuses nous accueillent chaleureusement. Ce monde imaginaire est peupl\u00e9 \u00e9galement de tout un bestiaire aux formes parfois \u00e9nigmatiques ou \u00e9l\u00e9gantes comme ces oiseaux en plein vol !<\/p>\n<p style=\"text-align: left;\">Robert a expos\u00e9 dans toute la r\u00e9gion Rh\u00f4ne-Alpes notamment \u00e0 Morestel, La Louvesc (Ard\u00e8che)\u2026 mais aussi \u00e0 Limoges, \u00e0 l\u2019\u00eele d\u2019Ol\u00e9ron et dans plusieurs galeries en France et en Irlande\u2026<\/p>\n<p style=\"text-align: left;\">Enfin Robert est un artiste modeste, chaleureux et passionn\u00e9 qui sait donner une \u00e2me \u00e0 ses cr\u00e9ations.<\/p>\n","protected":false},"excerpt":{"rendered":"<p>Invit\u00e9 d&rsquo;honneur 2014 Robert JAYET Robert Jayet, sculpteur dauphinois a appris tr\u00e8s t\u00f4t, dans son parcours professionnel, la ma\u00eetrise du travail du fer et il a trouv\u00e9 l\u00e0, son moyen d\u2019expression. Car, nourri de sa passion pour les arts \u00e9gyptiens, \u00e9trusques et africains, son monde int\u00e9rieur est d\u2019une richesse inou\u00efe, \u00ab qui ne le laisse &hellip; <a href=\"http:\/\/www.amis-des-arts.fr\/?page_id=763\" class=\"more-link\">Continuer la lecture de <span class=\"screen-reader-text\">Invit\u00e9 d&rsquo;honneur 2014<\/span>  <span class=\"meta-nav\">&rarr;<\/span><\/a><\/p>\n","protected":false},"author":1,"featured_media":0,"parent":0,"menu_order":0,"comment_status":"closed","ping_status":"closed","template":"","meta":{"ngg_post_thumbnail":0,"footnotes":""},"class_list":["post-763","page","type-page","status-publish","hentry"],"_links":{"self":[{"href":"http:\/\/www.amis-des-arts.fr\/index.php?rest_route=\/wp\/v2\/pages\/763","targetHints":{"allow":["GET"]}}],"collection":[{"href":"http:\/\/www.amis-des-arts.fr\/index.php?rest_route=\/wp\/v2\/pages"}],"about":[{"href":"http:\/\/www.amis-des-arts.fr\/index.php?rest_route=\/wp\/v2\/types\/page"}],"author":[{"embeddable":true,"href":"http:\/\/www.amis-des-arts.fr\/index.php?rest_route=\/wp\/v2\/users\/1"}],"replies":[{"embeddable":true,"href":"http:\/\/www.amis-des-arts.fr\/index.php?rest_route=%2Fwp%2Fv2%2Fcomments&post=763"}],"version-history":[{"count":4,"href":"http:\/\/www.amis-des-arts.fr\/index.php?rest_route=\/wp\/v2\/pages\/763\/revisions"}],"predecessor-version":[{"id":1825,"href":"http:\/\/www.amis-des-arts.fr\/index.php?rest_route=\/wp\/v2\/pages\/763\/revisions\/1825"}],"wp:attachment":[{"href":"http:\/\/www.amis-des-arts.fr\/index.php?rest_route=%2Fwp%2Fv2%2Fmedia&parent=763"}],"curies":[{"name":"wp","href":"https:\/\/api.w.org\/{rel}","templated":true}]}}

Invité d&rsquo;honneur 2014

<p style="text-align: center;"><span style="font-size: 22px;">Invité d&rsquo;honneur 2014</span></p>
<p style="text-align: center;"><span style="font-size: 22px;">Robert JAYET</span></p>
<p style="text-align: center;"><a href="http://www.amis-des-arts.fr/wp-content/uploads/2014/02/photo-RJ-affiche.jpg"><img loading="lazy" decoding="async" class="aligncenter wp-image-548 size-medium" src="http://www.amis-des-arts.fr/wp-content/uploads/2014/02/photo-RJ-affiche-202x300.jpg" alt="photo RJ affiche" width="202" height="300" srcset="http://www.amis-des-arts.fr/wp-content/uploads/2014/02/photo-RJ-affiche-202x300.jpg 202w, http://www.amis-des-arts.fr/wp-content/uploads/2014/02/photo-RJ-affiche.jpg 404w" sizes="auto, (max-width: 202px) 100vw, 202px" /></a></p>
<p style="text-align: left;">Robert Jayet, sculpteur dauphinois a appris très tôt, dans son parcours professionnel, la maîtrise du travail du fer et il a trouvé là, son moyen d’expression. Car, nourri de sa passion pour les arts égyptiens, étrusques et africains, son monde intérieur est d’une richesse inouïe, « qui ne le laisse jamais à court d’idée ». A 15 ans déjà, il  créait son premier Don Quichotte !</p>
<p style="text-align: left;">Tel un couturier, Robert dessine, découpe la tôle, la martèle, la soude, la polit, la patine…il allie différents métaux, le chalumeau est son outil de prédilection. Souvent il cisèle les visages de ses personnages dans des pierres semi-précieuses ou les coule en bronze. Les silhouettes filiformes et élancées ainsi créées, interpellent par leur dimension tout en hauteur, à la fois fières, dominatrices et en même temps frêles, légères et mouvantes car bougeant au moindre souffle. Certaines, telles des gardiennes de cet univers insolite, semblent armées et prêtes à affronter tout danger éventuel alors que d’autres souriantes, parfois en groupe et parées de couleurs précieuses nous accueillent chaleureusement. Ce monde imaginaire est peuplé également de tout un bestiaire aux formes parfois énigmatiques ou élégantes comme ces oiseaux en plein vol !</p>
<p style="text-align: left;">Robert a exposé dans toute la région Rhône-Alpes notamment à Morestel, La Louvesc (Ardèche)… mais aussi à Limoges, à l’île d’Oléron et dans plusieurs galeries en France et en Irlande…</p>
<p style="text-align: left;">Enfin Robert est un artiste modeste, chaleureux et passionné qui sait donner une âme à ses créations.</p>

<p>Invité d&rsquo;honneur 2014 Robert JAYET Robert Jayet, sculpteur dauphinois a appris très tôt, dans son parcours professionnel, la maîtrise du travail du fer et il a trouvé là, son moyen d’expression. Car, nourri de sa passion pour les arts égyptiens, étrusques et africains, son monde intérieur est d’une richesse inouïe, « qui ne le laisse &hellip; <a href="http://www.amis-des-arts.fr/?page_id=763" class="more-link">Continuer la lecture de <span class="screen-reader-text">Invité d&rsquo;honneur 2014</span>  <span class="meta-nav">&rarr;</span></a></p>
