{"id":5866,"date":"2021-02-18T15:48:55","date_gmt":"2021-02-18T14:48:55","guid":{"rendered":"http:\/\/www.amis-des-arts.fr\/?page_id=5866"},"modified":"2021-03-08T09:59:30","modified_gmt":"2021-03-08T08:59:30","slug":"salon-2021","status":"publish","type":"page","link":"http:\/\/www.amis-des-arts.fr\/?page_id=5866","title":{"rendered":"Salon 2021"},"content":{"rendered":"<p><span style=\"color: #222222;\"><span style=\"font-family: Arial, Helvetica, sans-serif;\"><span style=\"font-size: medium;\">Le salon 2021 aurait du se d\u00e9rouler comme habituellement \u00e0 la salle des F\u00eates de Voiron du 10 au 19 mars , malheureusement la Salle des f\u00eates de Voiron est r\u00e9quisitionn\u00e9e pour la vaccination COVID jusqu&rsquo;\u00e0\u00a0fin mars.<\/span><\/span><\/span><\/p>\n<p><strong><span style=\"color: #222222;\"><span style=\"font-family: Arial, Helvetica, sans-serif;\"><span style=\"font-size: medium;\">En remplacement nous vous proposons une exposition virtuelle des \u0153uvres qui auraient du \u00eatre expos\u00e9es.<\/span><\/span><\/span><\/strong><\/p>\n<p><span style=\"color: #222222;\"><span style=\"font-family: Arial, Helvetica, sans-serif;\"><span style=\"font-size: medium;\">Les onglets \u00ab<\/span><\/span><\/span><span style=\"color: #222222;\"><span style=\"font-family: Arial, Helvetica, sans-serif;\"><span style=\"font-size: medium;\">INVITE D\u2019HONNEUR\u00bb,<\/span><\/span><\/span><span style=\"color: #222222;\"><span style=\"font-family: Arial, Helvetica, sans-serif;\"><span style=\"font-size: medium;\"> \u00abSCULPTURE\u00bb, \u00abPEINTURE FIGURATIVE\u00bb et PEINTURE ABSTRAITE\u00a0\u00bb vous permettent de voyager dans cette exposition.<\/span><\/span><\/span><\/p>\n<p><span style=\"color: #222222;\"><span style=\"font-family: Arial, Helvetica, sans-serif;\"><span style=\"font-size: medium;\">Pour plus d\u2019information sur les \u0153uvres, vous pourrez contacter l\u2019artiste <\/span><\/span><\/span><span style=\"color: #222222;\"><span style=\"font-family: Arial, Helvetica, sans-serif;\"><span style=\"font-size: medium;\">gr\u00e2ce<\/span><\/span><\/span><span style=\"color: #222222;\"><span style=\"font-family: Arial, Helvetica, sans-serif;\"><span style=\"font-size: medium;\"> \u00e0 son adresse email.<\/span><\/span><\/span><\/p>\n<p><span style=\"color: #222222;\"><span style=\"font-family: Arial, Helvetica, sans-serif;\"><span style=\"font-size: medium;\">Nous esp\u00e9rons tous que les conditions sanitaires serons meilleures \u00e0 partir de cet \u00e9t\u00e9 et que nous pourrons vous retrouver sur les manifestations que nous pourrons alors organiser.<\/span><\/span><\/span><\/p>\n","protected":false},"excerpt":{"rendered":"<p>Le salon 2021 aurait du se d\u00e9rouler comme habituellement \u00e0 la salle des F\u00eates de Voiron du 10 au 19 mars , malheureusement la Salle des f\u00eates de Voiron est r\u00e9quisitionn\u00e9e pour la vaccination COVID jusqu&rsquo;\u00e0\u00a0fin mars. En remplacement nous vous proposons une exposition virtuelle des \u0153uvres qui auraient du \u00eatre expos\u00e9es. Les onglets \u00abINVITE &hellip; <a href=\"http:\/\/www.amis-des-arts.fr\/?page_id=5866\" class=\"more-link\">Continuer la lecture de <span class=\"screen-reader-text\">Salon 2021<\/span>  <span class=\"meta-nav\">&rarr;<\/span><\/a><\/p>\n","protected":false},"author":1,"featured_media":6839,"parent":0,"menu_order":0,"comment_status":"closed","ping_status":"closed","template":"","meta":{"ngg_post_thumbnail":0,"footnotes":""},"class_list":["post-5866","page","type-page","status-publish","has-post-thumbnail","hentry"],"_links":{"self":[{"href":"http:\/\/www.amis-des-arts.fr\/index.php?rest_route=\/wp\/v2\/pages\/5866","targetHints":{"allow":["GET"]}}],"collection":[{"href":"http:\/\/www.amis-des-arts.fr\/index.php?rest_route=\/wp\/v2\/pages"}],"about":[{"href":"http:\/\/www.amis-des-arts.fr\/index.php?rest_route=\/wp\/v2\/types\/page"}],"author":[{"embeddable":true,"href":"http:\/\/www.amis-des-arts.fr\/index.php?rest_route=\/wp\/v2\/users\/1"}],"replies":[{"embeddable":true,"href":"http:\/\/www.amis-des-arts.fr\/index.php?rest_route=%2Fwp%2Fv2%2Fcomments&post=5866"}],"version-history":[{"count":3,"href":"http:\/\/www.amis-des-arts.fr\/index.php?rest_route=\/wp\/v2\/pages\/5866\/revisions"}],"predecessor-version":[{"id":6841,"href":"http:\/\/www.amis-des-arts.fr\/index.php?rest_route=\/wp\/v2\/pages\/5866\/revisions\/6841"}],"wp:featuredmedia":[{"embeddable":true,"href":"http:\/\/www.amis-des-arts.fr\/index.php?rest_route=\/wp\/v2\/media\/6839"}],"wp:attachment":[{"href":"http:\/\/www.amis-des-arts.fr\/index.php?rest_route=%2Fwp%2Fv2%2Fmedia&parent=5866"}],"curies":[{"name":"wp","href":"https:\/\/api.w.org\/{rel}","templated":true}]}}

<p><span style="color: #222222;"><span style="font-family: Arial, Helvetica, sans-serif;"><span style="font-size: medium;">Le salon 2021 aurait du se dérouler comme habituellement à la salle des Fêtes de Voiron du 10 au 19 mars , malheureusement la Salle des fêtes de Voiron est réquisitionnée pour la vaccination COVID jusqu&rsquo;à fin mars.</span></span></span></p>
<p><strong><span style="color: #222222;"><span style="font-family: Arial, Helvetica, sans-serif;"><span style="font-size: medium;">En remplacement nous vous proposons une exposition virtuelle des œuvres qui auraient du être exposées.</span></span></span></strong></p>
<p><span style="color: #222222;"><span style="font-family: Arial, Helvetica, sans-serif;"><span style="font-size: medium;">Les onglets «</span></span></span><span style="color: #222222;"><span style="font-family: Arial, Helvetica, sans-serif;"><span style="font-size: medium;">INVITE D’HONNEUR»,</span></span></span><span style="color: #222222;"><span style="font-family: Arial, Helvetica, sans-serif;"><span style="font-size: medium;"> «SCULPTURE», «PEINTURE FIGURATIVE» et PEINTURE ABSTRAITE » vous permettent de voyager dans cette exposition.</span></span></span></p>
<p><span style="color: #222222;"><span style="font-family: Arial, Helvetica, sans-serif;"><span style="font-size: medium;">Pour plus d’information sur les œuvres, vous pourrez contacter l’artiste </span></span></span><span style="color: #222222;"><span style="font-family: Arial, Helvetica, sans-serif;"><span style="font-size: medium;">grâce</span></span></span><span style="color: #222222;"><span style="font-family: Arial, Helvetica, sans-serif;"><span style="font-size: medium;"> à son adresse email.</span></span></span></p>
<p><span style="color: #222222;"><span style="font-family: Arial, Helvetica, sans-serif;"><span style="font-size: medium;">Nous espérons tous que les conditions sanitaires serons meilleures à partir de cet été et que nous pourrons vous retrouver sur les manifestations que nous pourrons alors organiser.</span></span></span></p>

<p>Le salon 2021 aurait du se dérouler comme habituellement à la salle des Fêtes de Voiron du 10 au 19 mars , malheureusement la Salle des fêtes de Voiron est réquisitionnée pour la vaccination COVID jusqu&rsquo;à fin mars. En remplacement nous vous proposons une exposition virtuelle des œuvres qui auraient du être exposées. Les onglets «INVITE &hellip; <a href="http://www.amis-des-arts.fr/?page_id=5866" class="more-link">Continuer la lecture de <span class="screen-reader-text">Salon 2021</span>  <span class="meta-nav">&rarr;</span></a></p>
