{"id":4659,"date":"2018-12-24T18:07:49","date_gmt":"2018-12-24T17:07:49","guid":{"rendered":"http:\/\/www.amis-des-arts.fr\/?page_id=4659"},"modified":"2018-12-24T18:12:39","modified_gmt":"2018-12-24T17:12:39","slug":"interpretation-2018","status":"publish","type":"page","link":"http:\/\/www.amis-des-arts.fr\/?page_id=4659","title":{"rendered":"Interpr\u00e9tation 2018"},"content":{"rendered":"<p>La premi\u00e8re exposition Interpr\u00e9tation a \u00e9t\u00e9 accueillie en Novembre 2019 \u00e0 la Mairie de Coublevie<\/p>\n<p><a href=\"http:\/\/www.amis-des-arts.fr\/wp-content\/uploads\/2018\/11\/expo-interpr\u00e9tation-feuille-locale.jpg\" rel=\"attachment wp-att-4576\"><img loading=\"lazy\" decoding=\"async\" class=\"aligncenter size-full wp-image-4576\" src=\"http:\/\/www.amis-des-arts.fr\/wp-content\/uploads\/2018\/11\/expo-interpr\u00e9tation-feuille-locale.jpg\" alt=\"expo interpr\u00e9tation feuille locale\" width=\"1483\" height=\"1276\" srcset=\"http:\/\/www.amis-des-arts.fr\/wp-content\/uploads\/2018\/11\/expo-interpr\u00e9tation-feuille-locale.jpg 1483w, http:\/\/www.amis-des-arts.fr\/wp-content\/uploads\/2018\/11\/expo-interpr\u00e9tation-feuille-locale-300x258.jpg 300w, http:\/\/www.amis-des-arts.fr\/wp-content\/uploads\/2018\/11\/expo-interpr\u00e9tation-feuille-locale-768x661.jpg 768w, http:\/\/www.amis-des-arts.fr\/wp-content\/uploads\/2018\/11\/expo-interpr\u00e9tation-feuille-locale-1024x881.jpg 1024w\" sizes=\"auto, (max-width: 1483px) 100vw, 1483px\" \/><\/a><\/p>\n","protected":false},"excerpt":{"rendered":"<p>La premi\u00e8re exposition Interpr\u00e9tation a \u00e9t\u00e9 accueillie en Novembre 2019 \u00e0 la Mairie de Coublevie<\/p>\n","protected":false},"author":1,"featured_media":0,"parent":0,"menu_order":0,"comment_status":"closed","ping_status":"closed","template":"","meta":{"ngg_post_thumbnail":0,"footnotes":""},"class_list":["post-4659","page","type-page","status-publish","hentry"],"_links":{"self":[{"href":"http:\/\/www.amis-des-arts.fr\/index.php?rest_route=\/wp\/v2\/pages\/4659","targetHints":{"allow":["GET"]}}],"collection":[{"href":"http:\/\/www.amis-des-arts.fr\/index.php?rest_route=\/wp\/v2\/pages"}],"about":[{"href":"http:\/\/www.amis-des-arts.fr\/index.php?rest_route=\/wp\/v2\/types\/page"}],"author":[{"embeddable":true,"href":"http:\/\/www.amis-des-arts.fr\/index.php?rest_route=\/wp\/v2\/users\/1"}],"replies":[{"embeddable":true,"href":"http:\/\/www.amis-des-arts.fr\/index.php?rest_route=%2Fwp%2Fv2%2Fcomments&post=4659"}],"version-history":[{"count":4,"href":"http:\/\/www.amis-des-arts.fr\/index.php?rest_route=\/wp\/v2\/pages\/4659\/revisions"}],"predecessor-version":[{"id":4662,"href":"http:\/\/www.amis-des-arts.fr\/index.php?rest_route=\/wp\/v2\/pages\/4659\/revisions\/4662"}],"wp:attachment":[{"href":"http:\/\/www.amis-des-arts.fr\/index.php?rest_route=%2Fwp%2Fv2%2Fmedia&parent=4659"}],"curies":[{"name":"wp","href":"https:\/\/api.w.org\/{rel}","templated":true}]}}