{"id":4651,"date":"2018-12-24T17:47:30","date_gmt":"2018-12-24T16:47:30","guid":{"rendered":"http:\/\/www.amis-des-arts.fr\/?page_id=4651"},"modified":"2018-12-24T17:54:49","modified_gmt":"2018-12-24T16:54:49","slug":"interpretation","status":"publish","type":"page","link":"http:\/\/www.amis-des-arts.fr\/?page_id=4651","title":{"rendered":"INTERPRETATION"},"content":{"rendered":"<p><a href=\"http:\/\/www.amis-des-arts.fr\/wp-content\/uploads\/2018\/12\/image-affiche.jpg\" rel=\"attachment wp-att-4656\"><img loading=\"lazy\" decoding=\"async\" class=\"aligncenter size-thumbnail wp-image-4656\" src=\"http:\/\/www.amis-des-arts.fr\/wp-content\/uploads\/2018\/12\/image-affiche-150x150.jpg\" alt=\"image affiche\" width=\"150\" height=\"150\" \/><\/a>Une nouvelle exposition de peinture et sculpture des Amis des Arts de Voiron est n\u00e9e \u00e0 l&rsquo;automne 2018 :\u00a0\u00a0INTERPRETATION<\/p>\n<p>Le travail de l\u2019artiste est d\u2019interpr\u00e9ter ce qu\u2019il voit, ce qu\u2019il ressent.<\/p>\n<p>Pour cette exposition, il a \u00e9t\u00e9 demand\u00e9 \u00e0 chaque artiste de r\u00e9aliser une \u0153uvre \u00e0 partir d\u2019une photo qu\u2019il aura prise et de vous monter tout ce travail d\u2019interpr\u00e9tation entre la photo et l\u2019\u0153uvre<\/p>\n","protected":false},"excerpt":{"rendered":"<p>Une nouvelle exposition de peinture et sculpture des Amis des Arts de Voiron est n\u00e9e \u00e0 l&rsquo;automne 2018 :\u00a0\u00a0INTERPRETATION Le travail de l\u2019artiste est d\u2019interpr\u00e9ter ce qu\u2019il voit, ce qu\u2019il ressent. Pour cette exposition, il a \u00e9t\u00e9 demand\u00e9 \u00e0 chaque artiste de r\u00e9aliser une \u0153uvre \u00e0 partir d\u2019une photo qu\u2019il aura prise et de vous &hellip; <a href=\"http:\/\/www.amis-des-arts.fr\/?page_id=4651\" class=\"more-link\">Continuer la lecture de <span class=\"screen-reader-text\">INTERPRETATION<\/span>  <span class=\"meta-nav\">&rarr;<\/span><\/a><\/p>\n","protected":false},"author":1,"featured_media":0,"parent":0,"menu_order":0,"comment_status":"closed","ping_status":"closed","template":"","meta":{"ngg_post_thumbnail":0,"footnotes":""},"class_list":["post-4651","page","type-page","status-publish","hentry"],"_links":{"self":[{"href":"http:\/\/www.amis-des-arts.fr\/index.php?rest_route=\/wp\/v2\/pages\/4651","targetHints":{"allow":["GET"]}}],"collection":[{"href":"http:\/\/www.amis-des-arts.fr\/index.php?rest_route=\/wp\/v2\/pages"}],"about":[{"href":"http:\/\/www.amis-des-arts.fr\/index.php?rest_route=\/wp\/v2\/types\/page"}],"author":[{"embeddable":true,"href":"http:\/\/www.amis-des-arts.fr\/index.php?rest_route=\/wp\/v2\/users\/1"}],"replies":[{"embeddable":true,"href":"http:\/\/www.amis-des-arts.fr\/index.php?rest_route=%2Fwp%2Fv2%2Fcomments&post=4651"}],"version-history":[{"count":3,"href":"http:\/\/www.amis-des-arts.fr\/index.php?rest_route=\/wp\/v2\/pages\/4651\/revisions"}],"predecessor-version":[{"id":4657,"href":"http:\/\/www.amis-des-arts.fr\/index.php?rest_route=\/wp\/v2\/pages\/4651\/revisions\/4657"}],"wp:attachment":[{"href":"http:\/\/www.amis-des-arts.fr\/index.php?rest_route=%2Fwp%2Fv2%2Fmedia&parent=4651"}],"curies":[{"name":"wp","href":"https:\/\/api.w.org\/{rel}","templated":true}]}}

<p><a href="http://www.amis-des-arts.fr/wp-content/uploads/2018/12/image-affiche.jpg" rel="attachment wp-att-4656"><img loading="lazy" decoding="async" class="aligncenter size-thumbnail wp-image-4656" src="http://www.amis-des-arts.fr/wp-content/uploads/2018/12/image-affiche-150x150.jpg" alt="image affiche" width="150" height="150" /></a>Une nouvelle exposition de peinture et sculpture des Amis des Arts de Voiron est née à l&rsquo;automne 2018 :  INTERPRETATION</p>
<p>Le travail de l’artiste est d’interpréter ce qu’il voit, ce qu’il ressent.</p>
<p>Pour cette exposition, il a été demandé à chaque artiste de réaliser une œuvre à partir d’une photo qu’il aura prise et de vous monter tout ce travail d’interprétation entre la photo et l’œuvre</p>

<p>Une nouvelle exposition de peinture et sculpture des Amis des Arts de Voiron est née à l&rsquo;automne 2018 :  INTERPRETATION Le travail de l’artiste est d’interpréter ce qu’il voit, ce qu’il ressent. Pour cette exposition, il a été demandé à chaque artiste de réaliser une œuvre à partir d’une photo qu’il aura prise et de vous &hellip; <a href="http://www.amis-des-arts.fr/?page_id=4651" class="more-link">Continuer la lecture de <span class="screen-reader-text">INTERPRETATION</span>  <span class="meta-nav">&rarr;</span></a></p>
