{"id":406,"date":"2014-01-26T15:56:53","date_gmt":"2014-01-26T14:56:53","guid":{"rendered":"http:\/\/www.amis-des-arts.fr\/?page_id=406"},"modified":"2014-02-17T11:05:26","modified_gmt":"2014-02-17T10:05:26","slug":"invitee-dhonneur-2012","status":"publish","type":"page","link":"http:\/\/www.amis-des-arts.fr\/?page_id=406","title":{"rendered":"Invit\u00e9e d&rsquo;honneur 2012"},"content":{"rendered":"<p style=\"text-align: center;\"><span style=\"font-size: 22px;\">Charline Didier<br \/>\n<\/span><span style=\"font-size: 22px;\">Invit\u00e9e d&rsquo;honneur du salon 2012<\/span><\/p>\n<p><a href=\"http:\/\/www.amis-des-arts.fr\/wp-content\/uploads\/2014\/02\/Photo-Charline-didier.jpg\"><img loading=\"lazy\" decoding=\"async\" class=\"aligncenter size-full wp-image-525\" alt=\"Photo Charline didier\" src=\"http:\/\/www.amis-des-arts.fr\/wp-content\/uploads\/2014\/02\/Photo-Charline-didier.jpg\" width=\"418\" height=\"600\" srcset=\"http:\/\/www.amis-des-arts.fr\/wp-content\/uploads\/2014\/02\/Photo-Charline-didier.jpg 418w, http:\/\/www.amis-des-arts.fr\/wp-content\/uploads\/2014\/02\/Photo-Charline-didier-209x300.jpg 209w\" sizes=\"auto, (max-width: 418px) 100vw, 418px\" \/><\/a><\/p>\n<p><span style=\"font-family: 'times new roman', times; font-size: 16px;\">Originaire du sud-ouest, Charline Didier vit et travaille \u00e0 Grenoble o\u00f9 sa renomm\u00e9e n&rsquo;est plus \u00e0 faire.<\/span><\/p>\n<p><span style=\"font-family: 'times new roman', times; font-size: 16px;\">Cette notori\u00e9t\u00e9 d\u00e9passe largement le cadre local car ses \u0153uvres sont expos\u00e9es dans plusieurs galeries en France et \u00e0 l&rsquo;\u00e9tranger. Dans le monde entier des collectionneurs se sont appropri\u00e9s ses tableaux. <\/span><br \/>\n<span style=\"font-family: 'times new roman', times; font-size: 16px;\">Elle participe \u00e0 de nombreux salons o\u00f9 elle a \u00e9t\u00e9 souvent prim\u00e9e(Lyon, Paris&#8230;). Elle a fait l&rsquo;objet de diff\u00e9rentes publications : presse, magazines, reportages t\u00e9l\u00e9vis\u00e9s&#8230;<\/span><br \/>\n<span style=\"font-family: 'times new roman', times; font-size: 16px;\">Des \u00e9tudiantes de l&rsquo;universit\u00e9 Pierre Mend\u00e8s France de Grenoble lui ont consacr\u00e9 un m\u00e9moire relatant le travail et l&rsquo;\u00e9volution de sa peinture.<\/span><\/p>\n<p><span style=\"font-family: 'times new roman', times; font-size: 16px;\">Apr\u00e8s sa scolarit\u00e9 \u00e0 Sarlat, ses \u00e9tudes universitaires et artistiques \u00e0 Limoges et Paris, elle s&rsquo;installe \u00e0 Grenoble et fr\u00e9quente les ateliers des Beaux-Arts(huile, aquarelle et sculpture). <\/span><br \/>\n<span style=\"font-family: 'times new roman', times; font-size: 16px;\">Sa curiosit\u00e9 la pousse, toujours \u00e0 l&rsquo;aff\u00fbt de nouvelles techniques, \u00e0 fr\u00e9quenter des artistes de renom. <\/span><br \/>\n<span style=\"font-family: 'times new roman', times; font-size: 16px;\">Charline enseigne les arts plastiques dans divers \u00e9tablissements culturels grenoblois pendant plusieurs ann\u00e9es puis se consacre enti\u00e8rement \u00e0 sa passion.<\/span><\/p>\n<p><span style=\"font-family: 'times new roman', times; font-size: 16px;\">Quand Charline peint, son geste est ample et assur\u00e9, sa sensibilit\u00e9 aux aguets et comme par magie, le r\u00e9el, qui lui sert de point de d\u00e9part, se d\u00e9forme, se transforme, se reconstruit. <\/span><br \/>\n<span style=\"font-family: 'times new roman', times; font-size: 16px;\">Ainsi l&rsquo;abstrait c\u00f4toie le concret, la fluidit\u00e9 rencontre la mati\u00e8re, la couleur dialogue avec le monochrome et il est difficile de ne pas \u00eatre happ\u00e9 par cette \u00e9nergie, ce souffle de la cr\u00e9ation.<\/span><\/p>\n<p><span style=\"font-family: 'times new roman', times; font-size: 16px;\">\u00a0<\/span><\/p>\n","protected":false},"excerpt":{"rendered":"<p>Charline Didier Invit\u00e9e d&rsquo;honneur du salon 2012 Originaire du sud-ouest, Charline Didier vit et travaille \u00e0 Grenoble o\u00f9 sa renomm\u00e9e n&rsquo;est plus \u00e0 faire. Cette notori\u00e9t\u00e9 d\u00e9passe largement le cadre local car ses \u0153uvres sont expos\u00e9es dans plusieurs galeries en France et \u00e0 l&rsquo;\u00e9tranger. Dans le monde entier des collectionneurs se sont appropri\u00e9s ses tableaux. &hellip; <a href=\"http:\/\/www.amis-des-arts.fr\/?page_id=406\" class=\"more-link\">Continuer la lecture de <span class=\"screen-reader-text\">Invit\u00e9e d&rsquo;honneur 2012<\/span>  <span class=\"meta-nav\">&rarr;<\/span><\/a><\/p>\n","protected":false},"author":1,"featured_media":0,"parent":0,"menu_order":0,"comment_status":"closed","ping_status":"closed","template":"","meta":{"ngg_post_thumbnail":0,"footnotes":""},"class_list":["post-406","page","type-page","status-publish","hentry"],"_links":{"self":[{"href":"http:\/\/www.amis-des-arts.fr\/index.php?rest_route=\/wp\/v2\/pages\/406","targetHints":{"allow":["GET"]}}],"collection":[{"href":"http:\/\/www.amis-des-arts.fr\/index.php?rest_route=\/wp\/v2\/pages"}],"about":[{"href":"http:\/\/www.amis-des-arts.fr\/index.php?rest_route=\/wp\/v2\/types\/page"}],"author":[{"embeddable":true,"href":"http:\/\/www.amis-des-arts.fr\/index.php?rest_route=\/wp\/v2\/users\/1"}],"replies":[{"embeddable":true,"href":"http:\/\/www.amis-des-arts.fr\/index.php?rest_route=%2Fwp%2Fv2%2Fcomments&post=406"}],"version-history":[{"count":8,"href":"http:\/\/www.amis-des-arts.fr\/index.php?rest_route=\/wp\/v2\/pages\/406\/revisions"}],"predecessor-version":[{"id":742,"href":"http:\/\/www.amis-des-arts.fr\/index.php?rest_route=\/wp\/v2\/pages\/406\/revisions\/742"}],"wp:attachment":[{"href":"http:\/\/www.amis-des-arts.fr\/index.php?rest_route=%2Fwp%2Fv2%2Fmedia&parent=406"}],"curies":[{"name":"wp","href":"https:\/\/api.w.org\/{rel}","templated":true}]}}