{"id":31,"date":"2013-12-08T11:24:56","date_gmt":"2013-12-08T10:24:56","guid":{"rendered":"http:\/\/www.amis-des-arts.fr\/?page_id=31"},"modified":"2024-05-06T19:59:22","modified_gmt":"2024-05-06T18:59:22","slug":"marches-de-peintres","status":"publish","type":"page","link":"http:\/\/www.amis-des-arts.fr\/?page_id=31","title":{"rendered":"Les march\u00e9s de peintres et sculpteurs"},"content":{"rendered":"<p style=\"text-align: center;\"><span style=\"font-size: 22px;\">Les march\u00e9s de peintres et sculpteurs<\/span><\/p>\n<p>Chaque ann\u00e9e, en juin, les Amis des arts de Voiron organisent un march\u00e9 de peintres et sculpteurs dans les rues de Voiron.<\/p>\n<p>C&rsquo;est une journ\u00e9e agr\u00e9able &nbsp;\u00e0 laquelle, toutes ces derni\u00e8res ann\u00e9es, &nbsp;le soleil s&rsquo;est invit\u00e9.<\/p>\n<p>Depuis 2013 il a lieu le samedi dans les rues pi\u00e9tonnes anim\u00e9es du centre ville.<\/p>\n<p><span style=\"color: #000080;\"><strong>En 2024 le march\u00e9 a lieu le samedi 1er juin.<\/strong><\/span><\/p>\n","protected":false},"excerpt":{"rendered":"<p>Les march\u00e9s de peintres et sculpteurs Chaque ann\u00e9e, en juin, les Amis des arts de Voiron organisent un march\u00e9 de peintres et sculpteurs dans les rues de Voiron. C&rsquo;est une journ\u00e9e agr\u00e9able &nbsp;\u00e0 laquelle, toutes ces derni\u00e8res ann\u00e9es, &nbsp;le soleil s&rsquo;est invit\u00e9. Depuis 2013 il a lieu le samedi dans les rues pi\u00e9tonnes anim\u00e9es du &hellip; <a href=\"http:\/\/www.amis-des-arts.fr\/?page_id=31\" class=\"more-link\">Continuer la lecture de <span class=\"screen-reader-text\">Les march\u00e9s de peintres et sculpteurs<\/span>  <span class=\"meta-nav\">&rarr;<\/span><\/a><\/p>\n","protected":false},"author":1,"featured_media":0,"parent":0,"menu_order":0,"comment_status":"closed","ping_status":"closed","template":"","meta":{"ngg_post_thumbnail":0,"footnotes":""},"class_list":["post-31","page","type-page","status-publish","hentry"],"_links":{"self":[{"href":"http:\/\/www.amis-des-arts.fr\/index.php?rest_route=\/wp\/v2\/pages\/31","targetHints":{"allow":["GET"]}}],"collection":[{"href":"http:\/\/www.amis-des-arts.fr\/index.php?rest_route=\/wp\/v2\/pages"}],"about":[{"href":"http:\/\/www.amis-des-arts.fr\/index.php?rest_route=\/wp\/v2\/types\/page"}],"author":[{"embeddable":true,"href":"http:\/\/www.amis-des-arts.fr\/index.php?rest_route=\/wp\/v2\/users\/1"}],"replies":[{"embeddable":true,"href":"http:\/\/www.amis-des-arts.fr\/index.php?rest_route=%2Fwp%2Fv2%2Fcomments&post=31"}],"version-history":[{"count":7,"href":"http:\/\/www.amis-des-arts.fr\/index.php?rest_route=\/wp\/v2\/pages\/31\/revisions"}],"predecessor-version":[{"id":8852,"href":"http:\/\/www.amis-des-arts.fr\/index.php?rest_route=\/wp\/v2\/pages\/31\/revisions\/8852"}],"wp:attachment":[{"href":"http:\/\/www.amis-des-arts.fr\/index.php?rest_route=%2Fwp%2Fv2%2Fmedia&parent=31"}],"curies":[{"name":"wp","href":"https:\/\/api.w.org\/{rel}","templated":true}]}}

Les marchés de peintres et sculpteurs

<p style="text-align: center;"><span style="font-size: 22px;">Les marchés de peintres et sculpteurs</span></p>
<p>Chaque année, en juin, les Amis des arts de Voiron organisent un marché de peintres et sculpteurs dans les rues de Voiron.</p>
<p>C&rsquo;est une journée agréable &nbsp;à laquelle, toutes ces dernières années, &nbsp;le soleil s&rsquo;est invité.</p>
<p>Depuis 2013 il a lieu le samedi dans les rues piétonnes animées du centre ville.</p>
<p><span style="color: #000080;"><strong>En 2024 le marché a lieu le samedi 1er juin.</strong></span></p>

<p>Les marchés de peintres et sculpteurs Chaque année, en juin, les Amis des arts de Voiron organisent un marché de peintres et sculpteurs dans les rues de Voiron. C&rsquo;est une journée agréable &nbsp;à laquelle, toutes ces dernières années, &nbsp;le soleil s&rsquo;est invité. Depuis 2013 il a lieu le samedi dans les rues piétonnes animées du &hellip; <a href="http://www.amis-des-arts.fr/?page_id=31" class="more-link">Continuer la lecture de <span class="screen-reader-text">Les marchés de peintres et sculpteurs</span>  <span class="meta-nav">&rarr;</span></a></p>
