{"id":304,"date":"2014-01-19T19:15:43","date_gmt":"2014-01-19T18:15:43","guid":{"rendered":"http:\/\/www.amis-des-arts.fr\/?page_id=304"},"modified":"2014-02-15T19:18:13","modified_gmt":"2014-02-15T18:18:13","slug":"palmares-du-salon-2013","status":"publish","type":"page","link":"http:\/\/www.amis-des-arts.fr\/?page_id=304","title":{"rendered":"Palmar\u00e8s du salon 2013"},"content":{"rendered":"<p style=\"text-align: center;\"><span style=\"font-size: 22px;\">Palmar\u00e8s du salon 2013<\/span><\/p>\n<p>Lors du vernissage de l&rsquo;exposition les prix ont \u00e9t\u00e9 remis en pr\u00e9sence de Christine Cr\u00e9halet, invit\u00e9e d&rsquo;honneur.<\/p>\n\n<table id=\"tablepress-9\" class=\"tablepress tablepress-id-9\">\n<tbody>\n<tr class=\"row-1\">\n\t<td class=\"column-1\">Grand prix du salon 2013<br \/>\nClaudine PACCAUD<br \/>\n<br \/>\nGrand prix de la ville<br \/>\nViviane CABANAT<br \/>\n<br \/>\nGrand prix des Amis des Arts<br \/>\nLiliane CASTAGNA<br \/>\n<br \/>\nPrix de la R\u00e9gion<br \/>\nMarie France DE MARCHI<br \/>\n<br \/>\n<\/td><td class=\"column-2\">Prix du Conseil G\u00e9n\u00e9ral<br \/>\nCatherine SUSINI<br \/>\n<br \/>\nPrix Mainssieux<br \/>\nGenevi\u00e8ve GUYONNET<br \/>\n<br \/>\nPrix de la commune libre de Sermorens<br \/>\nDani\u00e8le MIOCHE<br \/>\n<br \/>\nPrix Marceau Gattaz<br \/>\nClaudine PONCET<br \/>\n<\/td>\n<\/tr>\n<\/tbody>\n<\/table>\n<!-- #tablepress-9 from cache -->\n<p><a href=\"http:\/\/www.amis-des-arts.fr\/wp-content\/uploads\/2014\/01\/vernissage-3-400.jpg\"><img loading=\"lazy\" decoding=\"async\" class=\"aligncenter size-full wp-image-309\" alt=\"vernissage 3 400\" src=\"http:\/\/www.amis-des-arts.fr\/wp-content\/uploads\/2014\/01\/vernissage-3-400.jpg\" width=\"300\" height=\"171\" \/><\/a><\/p>\n\n<table id=\"tablepress-10\" class=\"tablepress tablepress-id-10\">\n<tbody>\n<tr class=\"row-1\">\n\t<td class=\"column-1\"><a href=\"http:\/\/www.amis-des-arts.fr\/wp-content\/uploads\/2014\/01\/vernissage-2-300.jpg\"><img loading=\"lazy\" decoding=\"async\" src=\"http:\/\/www.amis-des-arts.fr\/wp-content\/uploads\/2014\/01\/vernissage-2-300.jpg\" alt=\"\" width=\"300\" height=\"150\" class=\"aligncenter size-full wp-image-313\" \/><\/a><\/td><td class=\"column-2\"><a href=\"http:\/\/www.amis-des-arts.fr\/wp-content\/uploads\/2014\/01\/vernissage-1-300.jpg\"><img loading=\"lazy\" decoding=\"async\" src=\"http:\/\/www.amis-des-arts.fr\/wp-content\/uploads\/2014\/01\/vernissage-1-300.jpg\" alt=\"\" width=\"300\" height=\"166\" class=\"aligncenter size-full wp-image-312\" \/><\/a><\/td>\n<\/tr>\n<tr class=\"row-2\">\n\t<td class=\"column-1\"><a href=\"http:\/\/www.amis-des-arts.fr\/wp-content\/uploads\/2014\/01\/demo-Arnaud-300.jpg\"><img loading=\"lazy\" decoding=\"async\" src=\"http:\/\/www.amis-des-arts.fr\/wp-content\/uploads\/2014\/01\/demo-Arnaud-300.jpg\" alt=\"\" width=\"300\" height=\"225\" class=\"aligncenter size-full wp-image-310\" \/><\/a><\/td><td class=\"column-2\"><a href=\"http:\/\/www.amis-des-arts.fr\/wp-content\/uploads\/2014\/01\/demo-Fouad-Al-Katrib-300.jpg\"><img loading=\"lazy\" decoding=\"async\" src=\"http:\/\/www.amis-des-arts.fr\/wp-content\/uploads\/2014\/01\/demo-Fouad-Al-Katrib-300.jpg\" alt=\"\" width=\"300\" height=\"186\" class=\"aligncenter size-full wp-image-311\" \/><\/a><\/td>\n<\/tr>\n<\/tbody>\n<\/table>\n<!-- #tablepress-10 from cache -->\n","protected":false},"excerpt":{"rendered":"<p>Palmar\u00e8s du salon 2013 Lors du vernissage de l&rsquo;exposition les prix ont \u00e9t\u00e9 remis en pr\u00e9sence de Christine Cr\u00e9halet, invit\u00e9e d&rsquo;honneur.<\/p>\n","protected":false},"author":1,"featured_media":0,"parent":0,"menu_order":0,"comment_status":"closed","ping_status":"closed","template":"","meta":{"ngg_post_thumbnail":0,"footnotes":""},"class_list":["post-304","page","type-page","status-publish","hentry"],"_links":{"self":[{"href":"http:\/\/www.amis-des-arts.fr\/index.php?rest_route=\/wp\/v2\/pages\/304","targetHints":{"allow":["GET"]}}],"collection":[{"href":"http:\/\/www.amis-des-arts.fr\/index.php?rest_route=\/wp\/v2\/pages"}],"about":[{"href":"http:\/\/www.amis-des-arts.fr\/index.php?rest_route=\/wp\/v2\/types\/page"}],"author":[{"embeddable":true,"href":"http:\/\/www.amis-des-arts.fr\/index.php?rest_route=\/wp\/v2\/users\/1"}],"replies":[{"embeddable":true,"href":"http:\/\/www.amis-des-arts.fr\/index.php?rest_route=%2Fwp%2Fv2%2Fcomments&post=304"}],"version-history":[{"count":6,"href":"http:\/\/www.amis-des-arts.fr\/index.php?rest_route=\/wp\/v2\/pages\/304\/revisions"}],"predecessor-version":[{"id":732,"href":"http:\/\/www.amis-des-arts.fr\/index.php?rest_route=\/wp\/v2\/pages\/304\/revisions\/732"}],"wp:attachment":[{"href":"http:\/\/www.amis-des-arts.fr\/index.php?rest_route=%2Fwp%2Fv2%2Fmedia&parent=304"}],"curies":[{"name":"wp","href":"https:\/\/api.w.org\/{rel}","templated":true}]}}