{"id":27,"date":"2013-12-08T11:21:37","date_gmt":"2013-12-08T10:21:37","guid":{"rendered":"http:\/\/www.amis-des-arts.fr\/?page_id=27"},"modified":"2014-02-15T19:19:53","modified_gmt":"2014-02-15T18:19:53","slug":"salon-2012","status":"publish","type":"page","link":"http:\/\/www.amis-des-arts.fr\/?page_id=27","title":{"rendered":"Salon 2012"},"content":{"rendered":"<p style=\"text-align: center;\"><span style=\"font-size: 22px;\">Salon 2012<\/span><\/p>\n<p>50 artistes s\u00e9lectionn\u00e9s par un jury pr\u00e9sentent leurs \u0153uvres r\u00e9alis\u00e9es selon des techniques et des styles tr\u00e8s vari\u00e9s<\/p>\n<p><em style=\"color: #000000; font-family: 'times new roman', times; line-height: 1.5;\"><strong><big>L\u2019invit\u00e9 d\u2019honneur est cette ann\u00e9e Charline Didier\u00a0<\/big><\/strong><\/em><\/p>\n<p><span style=\"color: #000000; font-family: 'times new roman', times; font-size: 16px;\"> Originaire du sud-ouest, Charline Didier vit et travaille \u00e0 Grenoble o\u00f9 sa renomm\u00e9e n&rsquo;est plus \u00e0 faire.<\/span><br \/>\n<span style=\"color: #000000; font-family: 'times new roman', times; font-size: 16px;\"> Cette notori\u00e9t\u00e9 d\u00e9passe largement le cadre local car ses \u0153uvres sont expos\u00e9es dans plusieurs galeries en France et \u00e0 l&rsquo;\u00e9tranger. Dans le monde entier, des collectionneurs se sont appropri\u00e9s ses tableaux. L&rsquo;abstrait c\u00f4toie le concret, la fluidit\u00e9 rencontre la mati\u00e8re, la couleur peut devenir monochrome et il est difficile de ne pas \u00eatre happ\u00e9 par cette \u00e9nergie, ce souffle de la cr\u00e9ation.<\/span><\/p>\n<p><span style=\"color: #000000; font-family: 'times new roman', times; font-size: 16px;\"><em><strong><big>Marqueterie :<\/big><\/strong><\/em><\/span><br \/>\n<span style=\"color: #000000; font-family: 'times new roman', times; font-size: 16px;\"> Dominique Ciamarone et Fran\u00e7ois Grignon deux artistes de renom pr\u00e9sentent leurs tableaux de marqueterie.<\/span><br \/>\n<span style=\"color: #000000; font-family: 'times new roman', times; font-size: 16px;\"> Ils travaillent le bois avec des techniques et des styles tr\u00e8s diff\u00e9rents.<\/span><\/p>\n<p><span style=\"color: #000000; font-family: 'times new roman', times; font-size: 16px;\">L\u2019antenne de Chartreuse de la Passion du bois vous fera d\u00e9couvrir le travail d\u2019amateurs et les diff\u00e9rentes \u00e9tapes de la r\u00e9alisation d\u2019une marqueterie.<\/span><\/p>\n<p><span style=\"color: #000000; font-family: 'times new roman', times; font-size: 16px;\"><em><strong><big>Eb\u00e9nisterie<\/big><\/strong><\/em><\/span><br \/>\n<span style=\"color: #000000; font-family: 'times new roman', times; font-size: 16px;\"> Les compagnons\u00a0 du tour de France pr\u00e9sentent des travaux d\u2019\u00e9b\u00e9nisterie de leurs \u00e9tudiants.<\/span><\/p>\n<p><span style=\"color: #000000; font-family: 'times new roman', times; font-size: 16px;\">Daniel Descombes, Yves Finotto, Ren\u00e9 Richaud, \u00e9b\u00e9nistes amateurs exposent des\u00a0 petits meubles enti\u00e8rement marquet\u00e9s<\/span><\/p>\n<p><span style=\"font-family: 'Times New Roman'; font-size: medium; line-height: normal; color: #333399; font-weight: bold; font-style: italic;\">\u00a0<\/span><\/p>\n","protected":false},"excerpt":{"rendered":"<p>Salon 2012 50 artistes s\u00e9lectionn\u00e9s par un jury pr\u00e9sentent leurs \u0153uvres r\u00e9alis\u00e9es selon des techniques et des styles tr\u00e8s vari\u00e9s L\u2019invit\u00e9 d\u2019honneur est cette ann\u00e9e Charline Didier\u00a0 Originaire du sud-ouest, Charline Didier vit et travaille \u00e0 Grenoble o\u00f9 sa renomm\u00e9e n&rsquo;est plus \u00e0 faire. Cette notori\u00e9t\u00e9 d\u00e9passe largement le cadre local car ses \u0153uvres sont &hellip; <a href=\"http:\/\/www.amis-des-arts.fr\/?page_id=27\" class=\"more-link\">Continuer la lecture de <span class=\"screen-reader-text\">Salon 2012<\/span>  <span class=\"meta-nav\">&rarr;<\/span><\/a><\/p>\n","protected":false},"author":1,"featured_media":0,"parent":0,"menu_order":0,"comment_status":"closed","ping_status":"closed","template":"","meta":{"ngg_post_thumbnail":0,"footnotes":""},"class_list":["post-27","page","type-page","status-publish","hentry"],"_links":{"self":[{"href":"http:\/\/www.amis-des-arts.fr\/index.php?rest_route=\/wp\/v2\/pages\/27","targetHints":{"allow":["GET"]}}],"collection":[{"href":"http:\/\/www.amis-des-arts.fr\/index.php?rest_route=\/wp\/v2\/pages"}],"about":[{"href":"http:\/\/www.amis-des-arts.fr\/index.php?rest_route=\/wp\/v2\/types\/page"}],"author":[{"embeddable":true,"href":"http:\/\/www.amis-des-arts.fr\/index.php?rest_route=\/wp\/v2\/users\/1"}],"replies":[{"embeddable":true,"href":"http:\/\/www.amis-des-arts.fr\/index.php?rest_route=%2Fwp%2Fv2%2Fcomments&post=27"}],"version-history":[{"count":21,"href":"http:\/\/www.amis-des-arts.fr\/index.php?rest_route=\/wp\/v2\/pages\/27\/revisions"}],"predecessor-version":[{"id":733,"href":"http:\/\/www.amis-des-arts.fr\/index.php?rest_route=\/wp\/v2\/pages\/27\/revisions\/733"}],"wp:attachment":[{"href":"http:\/\/www.amis-des-arts.fr\/index.php?rest_route=%2Fwp%2Fv2%2Fmedia&parent=27"}],"curies":[{"name":"wp","href":"https:\/\/api.w.org\/{rel}","templated":true}]}}