{"id":25,"date":"2013-12-08T11:20:12","date_gmt":"2013-12-08T10:20:12","guid":{"rendered":"http:\/\/www.amis-des-arts.fr\/?page_id=25"},"modified":"2018-12-27T08:55:58","modified_gmt":"2018-12-27T07:55:58","slug":"les-salons","status":"publish","type":"page","link":"http:\/\/www.amis-des-arts.fr\/?page_id=25","title":{"rendered":"Les salons"},"content":{"rendered":"<p style=\"text-align: left;\" align=\"center\"><em>Quarante\u00a0sept salons ont \u00e9t\u00e9 organis\u00e9s dans un cadre spacieux, bien \u00e9clair\u00e9.<\/em><\/p>\n<p><em>La salle des f\u00eates de Voiron, place J. GAU, accueille chaque ann\u00e9e notre Salon et ses 300 oeuvres, peintures et sculptures.<\/em><\/p>\n<p><em>INVITE D&rsquo;HONNEUR :<br \/>\nChaque ann\u00e9e, un peintre ou un sculpteur est l&rsquo;invit\u00e9 d&rsquo;honneur du salon : <\/em><\/p>\n<p><em>Bob TEN HOPPE en 1999, Andr\u00e9 DEYMONAZ en 2000, Max LAIGNEAU en 2001, Claude FAVARD-BONNOT en 2002, Muriel DUCHE en 2003, Bernard REY en 2004, ALEOS en 2005, Serge VOLLIN en 2006, Bruno GRIPARI en 2007, Estelle REVERCHON en 2008,\u00a0 Christiane JAILLET en 2009,\u00a0 Alain MAUPUY en 2010 , \u00a0<em>Jean BARRAL BARON en 2011, Charline DIDIER en 2012 et Christine CREHALET en 2013, Robert JAYET en 2014\u00a0, TANG\u00a0en 2015, Raymond\u00a0ATTANASIO en 2016, Mireille\u00a0BELLE en 2017,\u00a0 Didier\u00a0SANSOM en 2018<br \/>\n<\/em><\/em><\/p>\n<p>&nbsp;<\/p>\n<p><a href=\"http:\/\/www.amis-des-arts.fr\/wp-content\/uploads\/2013\/12\/plan-pl-JA-GAU.jpg\"><img loading=\"lazy\" decoding=\"async\" class=\"aligncenter size-full wp-image-728\" src=\"http:\/\/www.amis-des-arts.fr\/wp-content\/uploads\/2013\/12\/plan-pl-JA-GAU.jpg\" alt=\"plan pl JA GAU\" width=\"487\" height=\"427\" srcset=\"http:\/\/www.amis-des-arts.fr\/wp-content\/uploads\/2013\/12\/plan-pl-JA-GAU.jpg 487w, http:\/\/www.amis-des-arts.fr\/wp-content\/uploads\/2013\/12\/plan-pl-JA-GAU-300x263.jpg 300w\" sizes=\"auto, (max-width: 487px) 100vw, 487px\" \/><\/a><\/p>\n","protected":false},"excerpt":{"rendered":"<p>Quarante\u00a0sept salons ont \u00e9t\u00e9 organis\u00e9s dans un cadre spacieux, bien \u00e9clair\u00e9. La salle des f\u00eates de Voiron, place J. GAU, accueille chaque ann\u00e9e notre Salon et ses 300 oeuvres, peintures et sculptures. INVITE D&rsquo;HONNEUR : Chaque ann\u00e9e, un peintre ou un sculpteur est l&rsquo;invit\u00e9 d&rsquo;honneur du salon : Bob TEN HOPPE en 1999, Andr\u00e9 DEYMONAZ &hellip; <a href=\"http:\/\/www.amis-des-arts.fr\/?page_id=25\" class=\"more-link\">Continuer la lecture de <span class=\"screen-reader-text\">Les salons<\/span>  <span class=\"meta-nav\">&rarr;<\/span><\/a><\/p>\n","protected":false},"author":1,"featured_media":0,"parent":0,"menu_order":0,"comment_status":"closed","ping_status":"closed","template":"","meta":{"ngg_post_thumbnail":0,"footnotes":""},"class_list":["post-25","page","type-page","status-publish","hentry"],"_links":{"self":[{"href":"http:\/\/www.amis-des-arts.fr\/index.php?rest_route=\/wp\/v2\/pages\/25","targetHints":{"allow":["GET"]}}],"collection":[{"href":"http:\/\/www.amis-des-arts.fr\/index.php?rest_route=\/wp\/v2\/pages"}],"about":[{"href":"http:\/\/www.amis-des-arts.fr\/index.php?rest_route=\/wp\/v2\/types\/page"}],"author":[{"embeddable":true,"href":"http:\/\/www.amis-des-arts.fr\/index.php?rest_route=\/wp\/v2\/users\/1"}],"replies":[{"embeddable":true,"href":"http:\/\/www.amis-des-arts.fr\/index.php?rest_route=%2Fwp%2Fv2%2Fcomments&post=25"}],"version-history":[{"count":12,"href":"http:\/\/www.amis-des-arts.fr\/index.php?rest_route=\/wp\/v2\/pages\/25\/revisions"}],"predecessor-version":[{"id":4932,"href":"http:\/\/www.amis-des-arts.fr\/index.php?rest_route=\/wp\/v2\/pages\/25\/revisions\/4932"}],"wp:attachment":[{"href":"http:\/\/www.amis-des-arts.fr\/index.php?rest_route=%2Fwp%2Fv2%2Fmedia&parent=25"}],"curies":[{"name":"wp","href":"https:\/\/api.w.org\/{rel}","templated":true}]}}