{"id":2282,"date":"2016-02-13T12:34:30","date_gmt":"2016-02-13T11:34:30","guid":{"rendered":"http:\/\/www.amis-des-arts.fr\/?page_id=2282"},"modified":"2016-02-13T12:39:37","modified_gmt":"2016-02-13T11:39:37","slug":"le-verre-dans-tous-ses-eclats","status":"publish","type":"page","link":"http:\/\/www.amis-des-arts.fr\/?page_id=2282","title":{"rendered":"le verre dans tous ses \u00e9clats"},"content":{"rendered":"<div id='gallery-1' class='gallery galleryid-2282 gallery-columns-4 gallery-size-thumbnail'><figure class='gallery-item'>\n\t\t\t<div class='gallery-icon landscape'>\n\t\t\t\t<a href='http:\/\/www.amis-des-arts.fr\/?attachment_id=2283'><img loading=\"lazy\" decoding=\"async\" width=\"150\" height=\"150\" src=\"http:\/\/www.amis-des-arts.fr\/wp-content\/uploads\/2016\/02\/atelier-coublevie-red-150x150.jpg\" class=\"attachment-thumbnail size-thumbnail\" alt=\"\" aria-describedby=\"gallery-1-2283\" \/><\/a>\n\t\t\t<\/div>\n\t\t\t\t<figcaption class='wp-caption-text gallery-caption' id='gallery-1-2283'>\n\t\t\t\tAtelier Coublevie\n\t\t\t\t<\/figcaption><\/figure><figure class='gallery-item'>\n\t\t\t<div class='gallery-icon landscape'>\n\t\t\t\t<a href='http:\/\/www.amis-des-arts.fr\/?attachment_id=2284'><img loading=\"lazy\" decoding=\"async\" width=\"150\" height=\"150\" src=\"http:\/\/www.amis-des-arts.fr\/wp-content\/uploads\/2016\/02\/Baeckeroot-Isabelle-red-150x150.jpg\" class=\"attachment-thumbnail size-thumbnail\" alt=\"\" aria-describedby=\"gallery-1-2284\" \/><\/a>\n\t\t\t<\/div>\n\t\t\t\t<figcaption class='wp-caption-text gallery-caption' id='gallery-1-2284'>\n\t\t\t\tIsabelle Baeckeroot\n\t\t\t\t<\/figcaption><\/figure><figure class='gallery-item'>\n\t\t\t<div class='gallery-icon portrait'>\n\t\t\t\t<a href='http:\/\/www.amis-des-arts.fr\/?attachment_id=2285'><img loading=\"lazy\" decoding=\"async\" width=\"150\" height=\"150\" src=\"http:\/\/www.amis-des-arts.fr\/wp-content\/uploads\/2016\/02\/berlioz-red-150x150.jpg\" class=\"attachment-thumbnail size-thumbnail\" alt=\"\" aria-describedby=\"gallery-1-2285\" \/><\/a>\n\t\t\t<\/div>\n\t\t\t\t<figcaption class='wp-caption-text gallery-caption' id='gallery-1-2285'>\n\t\t\t\tD Berlioz\n\t\t\t\t<\/figcaption><\/figure><figure class='gallery-item'>\n\t\t\t<div class='gallery-icon landscape'>\n\t\t\t\t<a href='http:\/\/www.amis-des-arts.fr\/?attachment_id=2286'><img loading=\"lazy\" decoding=\"async\" width=\"150\" height=\"150\" src=\"http:\/\/www.amis-des-arts.fr\/wp-content\/uploads\/2016\/02\/Gilliane-red-150x150.jpg\" class=\"attachment-thumbnail size-thumbnail\" alt=\"\" aria-describedby=\"gallery-1-2286\" \/><\/a>\n\t\t\t<\/div>\n\t\t\t\t<figcaption class='wp-caption-text gallery-caption' id='gallery-1-2286'>\n\t\t\t\tGilliane\n\t\t\t\t<\/figcaption><\/figure><figure class='gallery-item'>\n\t\t\t<div class='gallery-icon landscape'>\n\t\t\t\t<a href='http:\/\/www.amis-des-arts.fr\/?attachment_id=2287'><img loading=\"lazy\" decoding=\"async\" width=\"150\" height=\"150\" src=\"http:\/\/www.amis-des-arts.fr\/wp-content\/uploads\/2016\/02\/hugonot-red-150x150.jpg\" class=\"attachment-thumbnail size-thumbnail\" alt=\"\" aria-describedby=\"gallery-1-2287\" \/><\/a>\n\t\t\t<\/div>\n\t\t\t\t<figcaption class='wp-caption-text gallery-caption' id='gallery-1-2287'>\n\t\t\t\tH Hugonot\n\t\t\t\t<\/figcaption><\/figure><figure class='gallery-item'>\n\t\t\t<div class='gallery-icon portrait'>\n\t\t\t\t<a href='http:\/\/www.amis-des-arts.fr\/?attachment_id=2288'><img loading=\"lazy\" decoding=\"async\" width=\"150\" height=\"150\" src=\"http:\/\/www.amis-des-arts.fr\/wp-content\/uploads\/2016\/02\/Iuga-Georgeta-red-150x150.jpg\" class=\"attachment-thumbnail size-thumbnail\" alt=\"\" aria-describedby=\"gallery-1-2288\" \/><\/a>\n\t\t\t<\/div>\n\t\t\t\t<figcaption class='wp-caption-text gallery-caption' id='gallery-1-2288'>\n\t\t\t\tluga georgeta\n\t\t\t\t<\/figcaption><\/figure><figure class='gallery-item'>\n\t\t\t<div class='gallery-icon landscape'>\n\t\t\t\t<a href='http:\/\/www.amis-des-arts.fr\/?attachment_id=2289'><img loading=\"lazy\" decoding=\"async\" width=\"150\" height=\"150\" src=\"http:\/\/www.amis-des-arts.fr\/wp-content\/uploads\/2016\/02\/Silvain-Cartier-red-150x150.jpg\" class=\"attachment-thumbnail size-thumbnail\" alt=\"\" aria-describedby=\"gallery-1-2289\" \/><\/a>\n\t\t\t<\/div>\n\t\t\t\t<figcaption class='wp-caption-text gallery-caption' id='gallery-1-2289'>\n\t\t\t\tS. Cartier\n\t\t\t\t<\/figcaption><\/figure><figure class='gallery-item'>\n\t\t\t<div class='gallery-icon portrait'>\n\t\t\t\t<a href='http:\/\/www.amis-des-arts.fr\/?attachment_id=2290'><img loading=\"lazy\" decoding=\"async\" width=\"150\" height=\"150\" src=\"http:\/\/www.amis-des-arts.fr\/wp-content\/uploads\/2016\/02\/vitraux-Marie-Claire-red-150x150.jpg\" class=\"attachment-thumbnail size-thumbnail\" alt=\"\" aria-describedby=\"gallery-1-2290\" \/><\/a>\n\t\t\t<\/div>\n\t\t\t\t<figcaption class='wp-caption-text gallery-caption' id='gallery-1-2290'>\n\t\t\t\tVitraux Marie Claire \n\t\t\t\t<\/figcaption><\/figure>\n\t\t<\/div>\n\n<p><strong>Fusing Isabelle Baeckroot<\/strong><\/p>\n<p>http:\/\/www.isabellebaeckeroot.fr<\/p>\n<p>La technique \u00ab fusing \u00bb permet assembler des morceaux de verre port\u00e9s \u00e0 haute temp\u00e9rature.Le travail avec les couleurs de l\u2019\u00e9mail offre un aspect opaque ou translucide, laisse des traces, qui se marient avec les signes form\u00e9s par les miettes de verre incluses dans l\u2019\u00e9paisseur des couches et les bulles qui se forment \u00e0 la cuisson. Le passage par le feu de la cuisson op\u00e8re l\u2019alchimie du travail \u00ab \u00e0 froid \u00bb.<strong><br \/>\n<\/strong><\/p>\n<p><strong>P\u00e2te de verre, moulage H\u00e9l\u00e8ne Hugonot<\/strong><\/p>\n<p><a href=\"http:\/\/www.h2verre.com\/\">http:\/\/www.h2verre.com\/<\/a><\/p>\n<p>Gr\u00e2ce \u00e0 la technique de thermoformage, elle parvient \u00e0 dompter la rigidit\u00e9 initiale du verre pour le transcender et le modeler \u00e0 sa guise. Elle sculpte la transparence pour mieux saisir la volupt\u00e9 factice des apparences.<\/p>\n<p><strong>Vitrail\u00a0: Marie Claire Descoups Esclarmonde<\/strong><\/p>\n<p>vitraux-marieclaire.e-monsite.com<\/p>\n<p>\u00a0\u00bb Dentelle et fusing\u00a0\u00bb Du blanc , de la transparence , de fines teintes. Mettre en valeur le savoir faire patient de femmes inconnues entre deux verres. Jouer avec elles en compl\u00e9tant par du d\u00e9cor en demi-fusing qui capte discr\u00e8tement la Lumi\u00e8re<\/p>\n<p><strong>sculpture verre coll\u00e9\u00a0\u00a0 David Berlioz<\/strong><\/p>\n<p><a href=\"http:\/\/www.davidberlioz.com\/\">http:\/\/www.davidberlioz.com\/<\/a><\/p>\n<p>Ses sculptures en verre sont plus exactement des sculptures en vitre, un mat\u00e9riau qui a pour vocation d&rsquo;\u00eatre invisible dans son usage habituel mais qui \u00e0 contre-emploi se r\u00e9v\u00e8le surprenant. Il s&rsquo;int\u00e9resse \u00e0 ses propri\u00e9t\u00e9s de r\u00e9flexion et de conduction de la lumi\u00e8re pour cr\u00e9er des pi\u00e8ces tr\u00e8s contextuelles, qui sous une lumi\u00e8re vive exprimeront brillance et \u00e9clat, et dans un contexte d&rsquo;\u00e9clairage plus diffus accrocheront le peu de lumi\u00e8re disponible.<\/p>\n<p><strong>Gravure sur verre\u00a0\u00a0 Gilliane Cr\u00e9ation<\/strong><\/p>\n<p>Le verre, une mati\u00e8re belle, d&rsquo;apparence fragile qui donne une multitude de transformation possible.La taille \/gravure, permet de jouer avec la transparence et l&rsquo;opacit\u00e9, avec le mat et le brillant.<\/p>\n<p><strong>\u00a0<\/strong><\/p>\n<p><strong>Ic\u00f4nes sur verre\u00a0\u00a0 Georgetta Iuga<\/strong><\/p>\n<p>Elle est iconographe et arch\u00e9ologue dans les Carpates, au Nord-Ouest de la Roumanie. Les ic\u00f4nes \u00abpaysannes\u00bb sur verre ornent les \u00e9glises en bois et les maisons dans cette belle r\u00e9gion du Maramures. C&rsquo;est un art ethnique et Georgeta en est une des plus remarquables repr\u00e9sentantes.<\/p>\n<p>&nbsp;<\/p>\n<p><strong>Fusing au micro-onde\u00a0: Sylvain Cartier <\/strong><\/p>\n<p>http:\/\/vitrauxduverseau.com\/<\/p>\n<p>Avec HotPot et un simple micro-onde, il cr\u00e9e bijoux (pendentifs, bagues, bracelet, boucle d\u2019oreilles, broches, etc.), poignets de porte, magnets, , et tant de choses encore.<\/p>\n<p><strong>Vitrail association Art et Cr\u00e9ation de Coublevie<\/strong><\/p>\n<p>http:\/\/www.artcreationcoublevie.fr\/<\/p>\n<p>Art &amp; cr\u00e9ation est une association qui a pour but de promouvoir les arts \u00e0 travers le dessin, la peinture, la BD, le vitrail.Le cours de vitrail permet de d\u00e9couvrir les diff\u00e9rentes techniques du vitrail et de r\u00e9aliser des objets dans ces techniques<\/p>\n<p>&nbsp;<\/p>\n<p>&nbsp;<\/p>\n","protected":false},"excerpt":{"rendered":"<p>Fusing Isabelle Baeckroot http:\/\/www.isabellebaeckeroot.fr La technique \u00ab fusing \u00bb permet assembler des morceaux de verre port\u00e9s \u00e0 haute temp\u00e9rature.Le travail avec les couleurs de l\u2019\u00e9mail offre un aspect opaque ou translucide, laisse des traces, qui se marient avec les signes form\u00e9s par les miettes de verre incluses dans l\u2019\u00e9paisseur des couches et les bulles qui &hellip; <a href=\"http:\/\/www.amis-des-arts.fr\/?page_id=2282\" class=\"more-link\">Continuer la lecture de <span class=\"screen-reader-text\">le verre dans tous ses \u00e9clats<\/span>  <span class=\"meta-nav\">&rarr;<\/span><\/a><\/p>\n","protected":false},"author":1,"featured_media":0,"parent":0,"menu_order":0,"comment_status":"closed","ping_status":"closed","template":"","meta":{"ngg_post_thumbnail":0,"footnotes":""},"class_list":["post-2282","page","type-page","status-publish","hentry"],"_links":{"self":[{"href":"http:\/\/www.amis-des-arts.fr\/index.php?rest_route=\/wp\/v2\/pages\/2282","targetHints":{"allow":["GET"]}}],"collection":[{"href":"http:\/\/www.amis-des-arts.fr\/index.php?rest_route=\/wp\/v2\/pages"}],"about":[{"href":"http:\/\/www.amis-des-arts.fr\/index.php?rest_route=\/wp\/v2\/types\/page"}],"author":[{"embeddable":true,"href":"http:\/\/www.amis-des-arts.fr\/index.php?rest_route=\/wp\/v2\/users\/1"}],"replies":[{"embeddable":true,"href":"http:\/\/www.amis-des-arts.fr\/index.php?rest_route=%2Fwp%2Fv2%2Fcomments&post=2282"}],"version-history":[{"count":3,"href":"http:\/\/www.amis-des-arts.fr\/index.php?rest_route=\/wp\/v2\/pages\/2282\/revisions"}],"predecessor-version":[{"id":2294,"href":"http:\/\/www.amis-des-arts.fr\/index.php?rest_route=\/wp\/v2\/pages\/2282\/revisions\/2294"}],"wp:attachment":[{"href":"http:\/\/www.amis-des-arts.fr\/index.php?rest_route=%2Fwp%2Fv2%2Fmedia&parent=2282"}],"curies":[{"name":"wp","href":"https:\/\/api.w.org\/{rel}","templated":true}]}}

le verre dans tous ses éclats

<div id='gallery-1' class='gallery galleryid-2282 gallery-columns-4 gallery-size-thumbnail'><figure class='gallery-item'>
			<div class='gallery-icon landscape'>
				<a href='http://www.amis-des-arts.fr/?attachment_id=2283'><img loading="lazy" decoding="async" width="150" height="150" src="http://www.amis-des-arts.fr/wp-content/uploads/2016/02/atelier-coublevie-red-150x150.jpg" class="attachment-thumbnail size-thumbnail" alt="" aria-describedby="gallery-1-2283" /></a>
			</div>
				<figcaption class='wp-caption-text gallery-caption' id='gallery-1-2283'>
				Atelier Coublevie
				</figcaption></figure><figure class='gallery-item'>
			<div class='gallery-icon landscape'>
				<a href='http://www.amis-des-arts.fr/?attachment_id=2284'><img loading="lazy" decoding="async" width="150" height="150" src="http://www.amis-des-arts.fr/wp-content/uploads/2016/02/Baeckeroot-Isabelle-red-150x150.jpg" class="attachment-thumbnail size-thumbnail" alt="" aria-describedby="gallery-1-2284" /></a>
			</div>
				<figcaption class='wp-caption-text gallery-caption' id='gallery-1-2284'>
				Isabelle Baeckeroot
				</figcaption></figure><figure class='gallery-item'>
			<div class='gallery-icon portrait'>
				<a href='http://www.amis-des-arts.fr/?attachment_id=2285'><img loading="lazy" decoding="async" width="150" height="150" src="http://www.amis-des-arts.fr/wp-content/uploads/2016/02/berlioz-red-150x150.jpg" class="attachment-thumbnail size-thumbnail" alt="" aria-describedby="gallery-1-2285" /></a>
			</div>
				<figcaption class='wp-caption-text gallery-caption' id='gallery-1-2285'>
				D Berlioz
				</figcaption></figure><figure class='gallery-item'>
			<div class='gallery-icon landscape'>
				<a href='http://www.amis-des-arts.fr/?attachment_id=2286'><img loading="lazy" decoding="async" width="150" height="150" src="http://www.amis-des-arts.fr/wp-content/uploads/2016/02/Gilliane-red-150x150.jpg" class="attachment-thumbnail size-thumbnail" alt="" aria-describedby="gallery-1-2286" /></a>
			</div>
				<figcaption class='wp-caption-text gallery-caption' id='gallery-1-2286'>
				Gilliane
				</figcaption></figure><figure class='gallery-item'>
			<div class='gallery-icon landscape'>
				<a href='http://www.amis-des-arts.fr/?attachment_id=2287'><img loading="lazy" decoding="async" width="150" height="150" src="http://www.amis-des-arts.fr/wp-content/uploads/2016/02/hugonot-red-150x150.jpg" class="attachment-thumbnail size-thumbnail" alt="" aria-describedby="gallery-1-2287" /></a>
			</div>
				<figcaption class='wp-caption-text gallery-caption' id='gallery-1-2287'>
				H Hugonot
				</figcaption></figure><figure class='gallery-item'>
			<div class='gallery-icon portrait'>
				<a href='http://www.amis-des-arts.fr/?attachment_id=2288'><img loading="lazy" decoding="async" width="150" height="150" src="http://www.amis-des-arts.fr/wp-content/uploads/2016/02/Iuga-Georgeta-red-150x150.jpg" class="attachment-thumbnail size-thumbnail" alt="" aria-describedby="gallery-1-2288" /></a>
			</div>
				<figcaption class='wp-caption-text gallery-caption' id='gallery-1-2288'>
				luga georgeta
				</figcaption></figure><figure class='gallery-item'>
			<div class='gallery-icon landscape'>
				<a href='http://www.amis-des-arts.fr/?attachment_id=2289'><img loading="lazy" decoding="async" width="150" height="150" src="http://www.amis-des-arts.fr/wp-content/uploads/2016/02/Silvain-Cartier-red-150x150.jpg" class="attachment-thumbnail size-thumbnail" alt="" aria-describedby="gallery-1-2289" /></a>
			</div>
				<figcaption class='wp-caption-text gallery-caption' id='gallery-1-2289'>
				S. Cartier
				</figcaption></figure><figure class='gallery-item'>
			<div class='gallery-icon portrait'>
				<a href='http://www.amis-des-arts.fr/?attachment_id=2290'><img loading="lazy" decoding="async" width="150" height="150" src="http://www.amis-des-arts.fr/wp-content/uploads/2016/02/vitraux-Marie-Claire-red-150x150.jpg" class="attachment-thumbnail size-thumbnail" alt="" aria-describedby="gallery-1-2290" /></a>
			</div>
				<figcaption class='wp-caption-text gallery-caption' id='gallery-1-2290'>
				Vitraux Marie Claire 
				</figcaption></figure>
		</div>

<p><strong>Fusing Isabelle Baeckroot</strong></p>
<p>http://www.isabellebaeckeroot.fr</p>
<p>La technique « fusing » permet assembler des morceaux de verre portés à haute température.Le travail avec les couleurs de l’émail offre un aspect opaque ou translucide, laisse des traces, qui se marient avec les signes formés par les miettes de verre incluses dans l’épaisseur des couches et les bulles qui se forment à la cuisson. Le passage par le feu de la cuisson opère l’alchimie du travail « à froid ».<strong><br />
</strong></p>
<p><strong>Pâte de verre, moulage Hélène Hugonot</strong></p>
<p><a href="http://www.h2verre.com/">http://www.h2verre.com/</a></p>
<p>Grâce à la technique de thermoformage, elle parvient à dompter la rigidité initiale du verre pour le transcender et le modeler à sa guise. Elle sculpte la transparence pour mieux saisir la volupté factice des apparences.</p>
<p><strong>Vitrail : Marie Claire Descoups Esclarmonde</strong></p>
<p>vitraux-marieclaire.e-monsite.com</p>
<p> » Dentelle et fusing » Du blanc , de la transparence , de fines teintes. Mettre en valeur le savoir faire patient de femmes inconnues entre deux verres. Jouer avec elles en complétant par du décor en demi-fusing qui capte discrètement la Lumière</p>
<p><strong>sculpture verre collé   David Berlioz</strong></p>
<p><a href="http://www.davidberlioz.com/">http://www.davidberlioz.com/</a></p>
<p>Ses sculptures en verre sont plus exactement des sculptures en vitre, un matériau qui a pour vocation d&rsquo;être invisible dans son usage habituel mais qui à contre-emploi se révèle surprenant. Il s&rsquo;intéresse à ses propriétés de réflexion et de conduction de la lumière pour créer des pièces très contextuelles, qui sous une lumière vive exprimeront brillance et éclat, et dans un contexte d&rsquo;éclairage plus diffus accrocheront le peu de lumière disponible.</p>
<p><strong>Gravure sur verre   Gilliane Création</strong></p>
<p>Le verre, une matière belle, d&rsquo;apparence fragile qui donne une multitude de transformation possible.La taille /gravure, permet de jouer avec la transparence et l&rsquo;opacité, avec le mat et le brillant.</p>
<p><strong> </strong></p>
<p><strong>Icônes sur verre   Georgetta Iuga</strong></p>
<p>Elle est iconographe et archéologue dans les Carpates, au Nord-Ouest de la Roumanie. Les icônes «paysannes» sur verre ornent les églises en bois et les maisons dans cette belle région du Maramures. C&rsquo;est un art ethnique et Georgeta en est une des plus remarquables représentantes.</p>
<p>&nbsp;</p>
<p><strong>Fusing au micro-onde : Sylvain Cartier </strong></p>
<p>http://vitrauxduverseau.com/</p>
<p>Avec HotPot et un simple micro-onde, il crée bijoux (pendentifs, bagues, bracelet, boucle d’oreilles, broches, etc.), poignets de porte, magnets, , et tant de choses encore.</p>
<p><strong>Vitrail association Art et Création de Coublevie</strong></p>
<p>http://www.artcreationcoublevie.fr/</p>
<p>Art &amp; création est une association qui a pour but de promouvoir les arts à travers le dessin, la peinture, la BD, le vitrail.Le cours de vitrail permet de découvrir les différentes techniques du vitrail et de réaliser des objets dans ces techniques</p>
<p>&nbsp;</p>
<p>&nbsp;</p>

<p>Fusing Isabelle Baeckroot http://www.isabellebaeckeroot.fr La technique « fusing » permet assembler des morceaux de verre portés à haute température.Le travail avec les couleurs de l’émail offre un aspect opaque ou translucide, laisse des traces, qui se marient avec les signes formés par les miettes de verre incluses dans l’épaisseur des couches et les bulles qui &hellip; <a href="http://www.amis-des-arts.fr/?page_id=2282" class="more-link">Continuer la lecture de <span class="screen-reader-text">le verre dans tous ses éclats</span>  <span class="meta-nav">&rarr;</span></a></p>
