{"id":17,"date":"2013-12-07T16:15:55","date_gmt":"2013-12-07T15:15:55","guid":{"rendered":"http:\/\/www.amis-des-arts.fr\/?page_id=17"},"modified":"2023-05-03T19:03:55","modified_gmt":"2023-05-03T18:03:55","slug":"qui-sommes-nous","status":"publish","type":"page","link":"http:\/\/www.amis-des-arts.fr\/","title":{"rendered":"Qui sommes nous?"},"content":{"rendered":"<p style=\"text-align: justify;\"><span style=\"color: #000000; font-family: arial,helvetica,sans-serif; font-size: 12pt;\">Cr\u00e9\u00e9e en 1974, l&rsquo;association \u00ab\u00a0Les Amis des Arts de Voiron\u00a0\u00bb est surtout connue pour son Salon de deux semaines chaque printemps.<\/span><br \/>\n<span style=\"color: #000000; font-family: arial,helvetica,sans-serif; font-size: 12pt;\"> Elle a pour but de faire conna\u00eetre et promouvoir les arts, particuli\u00e8rement la peinture et la sculpture tant \u00e0 Voiron que dans ses environs.<\/span><\/p>\n<p style=\"text-align: justify;\"><span style=\"color: #000000; font-family: arial,helvetica,sans-serif; font-size: 12pt;\">Nos adh\u00e9rents sont en majorit\u00e9 des peintres et des sculpteurs, d\u00e9butants ou chevronn\u00e9s, amateurs ou professionnels. Ce sont \u00e9galement des personnes qui ne pratiquent pas d&rsquo;activit\u00e9 artistique, de v\u00e9ritables \u00a0\u00bb amis des arts\u00bb.<\/span><br \/>\n<span style=\"color: #000000; font-family: 'times new roman',times; font-size: 12pt;\"> <span style=\"font-family: arial,helvetica,sans-serif;\"> L&rsquo;Association des Amis des Arts de Voiron n&rsquo;est pas un cercle <\/span><span style=\"font-size: 14pt;\">f<span style=\"font-family: arial,helvetica,sans-serif; font-size: 12pt;\">erm\u00e9, toutes les personnes int\u00e9ress\u00e9es peuvent y adh\u00e9rer et participer \u00e0 ses activit\u00e9s et, pourquoi pas, \u00e0 son administration.<\/span><\/span><\/span><\/p>\n<p><span style=\"text-decoration: underline;\"><span style=\"font-size: 12pt; font-family: arial,helvetica,sans-serif;\">Nos principales\u00a0 activit\u00e9s :<\/span><\/span><\/p>\n<p style=\"text-align: justify;\"><span style=\"font-family: arial,helvetica,sans-serif; font-size: 12pt;\">-chaque mois de Mars : Notre salon de peinture et sculpture , avec dans l&rsquo;entr\u00e9e un focus sur l&rsquo;artisanat r\u00e9gional( verre , papier , cuir , dentelle&#8230;.)<\/span><\/p>\n<p style=\"text-align: justify;\"><span style=\"font-family: arial,helvetica,sans-serif; font-size: 12pt;\">-Fin mai , nous organisons un march\u00e9 aux peintres et aux sculpteurs dans les rues pi\u00e9tonnes de Voiron <\/span><\/p>\n<p style=\"text-align: justify;\"><span style=\"color: #000000; font-family: arial,helvetica,sans-serif; font-size: 12pt;\">Ponctuellement d&rsquo;autres expositions sont organis\u00e9es dans notre r\u00e9gion mais aussi \u00e0 l&rsquo;\u00e9tranger avec nos villes jumelles.<\/span><\/p>\n<p style=\"text-align: justify;\"><span style=\"color: #000000; font-family: arial,helvetica,sans-serif; font-size: 12pt;\">Nos diff\u00e9rentes expositions vous permettront d&rsquo;exposer vos \u0153uvres \u00e0 la vue d&rsquo;un public assez large.<\/span><\/p>\n<p style=\"text-align: justify;\"><span style=\"color: #000000; font-family: arial,helvetica,sans-serif; font-size: 12pt;\">L&rsquo;Association est toujours \u00e0 la recherche de nouveaux talents,alors si vous \u00eates un artiste inconnu, jeune ou moins jeune, contactez-nous !<\/span><\/p>\n<p><span style=\"color: #000000; font-family: 'times new roman', times; font-size: 16px;\">\u00a0<\/span><\/p>\n<p><span style=\"color: #000000; font-family: 'times new roman', times; font-size: 16px;\">\u00a0<\/span><\/p>\n","protected":false},"excerpt":{"rendered":"<p>Cr\u00e9\u00e9e en 1974, l&rsquo;association \u00ab\u00a0Les Amis des Arts de Voiron\u00a0\u00bb est surtout connue pour son Salon de deux semaines chaque printemps. Elle a pour but de faire conna\u00eetre et promouvoir les arts, particuli\u00e8rement la peinture et la sculpture tant \u00e0 Voiron que dans ses environs. Nos adh\u00e9rents sont en majorit\u00e9 des peintres et des sculpteurs, &hellip; <a href=\"http:\/\/www.amis-des-arts.fr\/\" class=\"more-link\">Continuer la lecture de <span class=\"screen-reader-text\">Qui sommes nous?<\/span>  <span class=\"meta-nav\">&rarr;<\/span><\/a><\/p>\n","protected":false},"author":1,"featured_media":0,"parent":0,"menu_order":0,"comment_status":"closed","ping_status":"closed","template":"","meta":{"ngg_post_thumbnail":0,"footnotes":""},"class_list":["post-17","page","type-page","status-publish","hentry"],"_links":{"self":[{"href":"http:\/\/www.amis-des-arts.fr\/index.php?rest_route=\/wp\/v2\/pages\/17","targetHints":{"allow":["GET"]}}],"collection":[{"href":"http:\/\/www.amis-des-arts.fr\/index.php?rest_route=\/wp\/v2\/pages"}],"about":[{"href":"http:\/\/www.amis-des-arts.fr\/index.php?rest_route=\/wp\/v2\/types\/page"}],"author":[{"embeddable":true,"href":"http:\/\/www.amis-des-arts.fr\/index.php?rest_route=\/wp\/v2\/users\/1"}],"replies":[{"embeddable":true,"href":"http:\/\/www.amis-des-arts.fr\/index.php?rest_route=%2Fwp%2Fv2%2Fcomments&post=17"}],"version-history":[{"count":17,"href":"http:\/\/www.amis-des-arts.fr\/index.php?rest_route=\/wp\/v2\/pages\/17\/revisions"}],"predecessor-version":[{"id":3803,"href":"http:\/\/www.amis-des-arts.fr\/index.php?rest_route=\/wp\/v2\/pages\/17\/revisions\/3803"}],"wp:attachment":[{"href":"http:\/\/www.amis-des-arts.fr\/index.php?rest_route=%2Fwp%2Fv2%2Fmedia&parent=17"}],"curies":[{"name":"wp","href":"https:\/\/api.w.org\/{rel}","templated":true}]}}

<p style="text-align: justify;"><span style="color: #000000; font-family: arial,helvetica,sans-serif; font-size: 12pt;">Créée en 1974, l&rsquo;association « Les Amis des Arts de Voiron » est surtout connue pour son Salon de deux semaines chaque printemps.</span><br />
<span style="color: #000000; font-family: arial,helvetica,sans-serif; font-size: 12pt;"> Elle a pour but de faire connaître et promouvoir les arts, particulièrement la peinture et la sculpture tant à Voiron que dans ses environs.</span></p>
<p style="text-align: justify;"><span style="color: #000000; font-family: arial,helvetica,sans-serif; font-size: 12pt;">Nos adhérents sont en majorité des peintres et des sculpteurs, débutants ou chevronnés, amateurs ou professionnels. Ce sont également des personnes qui ne pratiquent pas d&rsquo;activité artistique, de véritables  » amis des arts».</span><br />
<span style="color: #000000; font-family: 'times new roman',times; font-size: 12pt;"> <span style="font-family: arial,helvetica,sans-serif;"> L&rsquo;Association des Amis des Arts de Voiron n&rsquo;est pas un cercle </span><span style="font-size: 14pt;">f<span style="font-family: arial,helvetica,sans-serif; font-size: 12pt;">ermé, toutes les personnes intéressées peuvent y adhérer et participer à ses activités et, pourquoi pas, à son administration.</span></span></span></p>
<p><span style="text-decoration: underline;"><span style="font-size: 12pt; font-family: arial,helvetica,sans-serif;">Nos principales  activités :</span></span></p>
<p style="text-align: justify;"><span style="font-family: arial,helvetica,sans-serif; font-size: 12pt;">-chaque mois de Mars : Notre salon de peinture et sculpture , avec dans l&rsquo;entrée un focus sur l&rsquo;artisanat régional( verre , papier , cuir , dentelle&#8230;.)</span></p>
<p style="text-align: justify;"><span style="font-family: arial,helvetica,sans-serif; font-size: 12pt;">-Fin mai , nous organisons un marché aux peintres et aux sculpteurs dans les rues piétonnes de Voiron </span></p>
<p style="text-align: justify;"><span style="color: #000000; font-family: arial,helvetica,sans-serif; font-size: 12pt;">Ponctuellement d&rsquo;autres expositions sont organisées dans notre région mais aussi à l&rsquo;étranger avec nos villes jumelles.</span></p>
<p style="text-align: justify;"><span style="color: #000000; font-family: arial,helvetica,sans-serif; font-size: 12pt;">Nos différentes expositions vous permettront d&rsquo;exposer vos œuvres à la vue d&rsquo;un public assez large.</span></p>
<p style="text-align: justify;"><span style="color: #000000; font-family: arial,helvetica,sans-serif; font-size: 12pt;">L&rsquo;Association est toujours à la recherche de nouveaux talents,alors si vous êtes un artiste inconnu, jeune ou moins jeune, contactez-nous !</span></p>
<p><span style="color: #000000; font-family: 'times new roman', times; font-size: 16px;"> </span></p>
<p><span style="color: #000000; font-family: 'times new roman', times; font-size: 16px;"> </span></p>

<p>Créée en 1974, l&rsquo;association « Les Amis des Arts de Voiron » est surtout connue pour son Salon de deux semaines chaque printemps. Elle a pour but de faire connaître et promouvoir les arts, particulièrement la peinture et la sculpture tant à Voiron que dans ses environs. Nos adhérents sont en majorité des peintres et des sculpteurs, &hellip; <a href="http://www.amis-des-arts.fr/" class="more-link">Continuer la lecture de <span class="screen-reader-text">Qui sommes nous?</span>  <span class="meta-nav">&rarr;</span></a></p>
